Mageia Bugzilla – Attachment 2824 Details for
Bug 7520
awstats does not work with perl 5.14
Home
|
New
|
Browse
|
Search
|
[?]
|
Reports
|
Requests
|
Help
|
Log In
[x]
|
New Account
|
Forgot Password
log file to analyse
access_invisionboard.log (text/plain), 99.63 KB, created by
Yann Ciret
on 2012-09-18 19:41:17 CEST
(
hide
)
Description:
log file to analyse
Filename:
MIME Type:
Creator:
Yann Ciret
Created:
2012-09-18 19:41:17 CEST
Size:
99.63 KB
patch
obsolete
>e2t.invisionboard.fr
66.249.71.187 - - [13/Sep/2012:17:37:30 +0200] "GET /timeline?from=2012-09-07T13%3A15%3A14%2B02%3A00&precision=second HTTP/1.1" 200 20757 "-" "Mozilla/5.0 (compatible; Googlebot/2.1; +http://www.google.com/bot.html)" >dev.invisionboard.fr
66.249.71.46 - - [13/Sep/2012:17:37:33 +0200] "GET /versions/9 HTTP/1.1" 200 16406 "-" "Mozilla/5.0 (compatible; Googlebot/2.1; +http://www.google.com/bot.html)" >e2t.invisionboard.fr
66.249.71.187 - - [13/Sep/2012:17:40:32 +0200] "GET /changeset/174 HTTP/1.1" 200 7024 "-" "Mozilla/5.0 (compatible; Googlebot/2.1; +http://www.google.com/bot.html)" >youp3.invisionboard.fr
119.63.196.94 - - [13/Sep/2012:17:42:42 +0200] "GET /tag/Serveur HTTP/1.1" 200 18656 "-" "Mozilla/5.0 (compatible; Baiduspider/2.0; +http://www.baidu.com/search/spider.html)" >e2t.invisionboard.fr
66.249.71.187 - - [13/Sep/2012:17:44:43 +0200] "GET /ticket/76 HTTP/1.1" 404 4055 "-" "Mozilla/5.0 (compatible; Googlebot/2.1; +http://www.google.com/bot.html)" >e2t.invisionboard.fr
66.249.71.187 - - [13/Sep/2012:17:46:09 +0200] "GET /timeline?from=2009-01-11T22%3A54%3A42%2B01%3A00&precision=second HTTP/1.1" 200 12294 "-" "Mozilla/5.0 (compatible; Googlebot/2.1; +http://www.google.com/bot.html)" >dev.invisionboard.fr
66.249.71.46 - - [13/Sep/2012:17:46:11 +0200] "GET /projects/e2t/activity?from=2007-09-19 HTTP/1.1" 200 7572 "-" "Mozilla/5.0 (compatible; Googlebot/2.1; +http://www.google.com/bot.html)" >e2t.invisionboard.fr
66.249.71.187 - - [13/Sep/2012:17:46:14 +0200] "GET /wiki/KDESvn?action=diff&version=3 HTTP/1.1" 200 9227 "-" "Mozilla/5.0 (compatible; Googlebot/2.1; +http://www.google.com/bot.html)" >youp3.invisionboard.fr
65.55.52.111 - - [13/Sep/2012:17:46:53 +0200] "GET /robots.txt HTTP/1.1" 404 10522 "-" "Mozilla/5.0 (compatible; bingbot/2.0; +http://www.bing.com/bingbot.htm)" >dev.invisionboard.fr
66.249.71.46 - - [13/Sep/2012:17:48:06 +0200] "GET /projects/e2t/wiki/HimSelf HTTP/1.1" 404 3820 "-" "Mozilla/5.0 (compatible; Googlebot/2.1; +http://www.google.com/bot.html)" >dev.invisionboard.fr
123.125.71.97 - - [13/Sep/2012:17:54:23 +0200] "HEAD /issues/95.pdf HTTP/1.1" 200 - "-" "Baiduspider+(+http://www.baidu.com/search/spider.htm)" >dev.invisionboard.fr
123.125.71.99 - - [13/Sep/2012:17:54:25 +0200] "GET /issues/95.pdf HTTP/1.1" 200 316808 "-" "Baiduspider+(+http://www.baidu.com/search/spider.htm)" >dev.invisionboard.fr
66.249.71.46 - - [13/Sep/2012:17:55:10 +0200] "GET /issues?page=2&sort=priority%3Adesc%2Ctracker%2Cassigned_to HTTP/1.1" 200 45106 "-" "Mozilla/5.0 (compatible; Googlebot/2.1; +http://www.google.com/bot.html)" >e2t.invisionboard.fr
66.249.71.187 - - [13/Sep/2012:17:55:11 +0200] "GET /wiki/KDESvn?action=diff&version=4 HTTP/1.1" 200 9492 "-" "Mozilla/5.0 (compatible; Googlebot/2.1; +http://www.google.com/bot.html)" >dev.invisionboard.fr
66.249.71.46 - - [13/Sep/2012:17:55:14 +0200] "GET /projects/e2t/activity?from=2007-06-26 HTTP/1.1" 200 11060 "-" "Mozilla/5.0 (compatible; Googlebot/2.1; +http://www.google.com/bot.html)" >dev.invisionboard.fr
183.60.214.26 - - [13/Sep/2012:17:56:21 +0200] "GET /stylesheets/application.css?1323528727 HTTP/1.1" 200 38992 "http://dev.invisionboard.fr/stylesheets/" "Mozilla/5.0 (Windows NT 6.1; rv:11.0) Gecko/20100101 Firefox/11.0" >dev.invisionboard.fr
163.116.6.14 - - [13/Sep/2012:17:56:34 +0200] "GET / HTTP/1.1" 200 5109 "http://dev.invisionboard.fr/" "Mozilla/5.0 (Windows NT 6.0; rv:17.0) Gecko/17.0 Firefox/17.0" >dev.invisionboard.fr
163.116.6.14 - - [13/Sep/2012:17:56:34 +0200] "GET /news.atom HTTP/1.1" 200 542 "-" "Mozilla/4.0 (compatible;)" >dev.invisionboard.fr
163.116.6.14 - - [13/Sep/2012:17:56:34 +0200] "GET /stylesheets/application.css?1334391667 HTTP/1.1" 304 - "http://dev.invisionboard.fr/" "Mozilla/5.0 (Windows NT 6.0; rv:17.0) Gecko/17.0 Firefox/17.0" >dev.invisionboard.fr
163.116.6.14 - - [13/Sep/2012:17:56:34 +0200] "GET /javascripts/prototype.js?1334391667 HTTP/1.1" 304 - "http://dev.invisionboard.fr/" "Mozilla/5.0 (Windows NT 6.0; rv:17.0) Gecko/17.0 Firefox/17.0" >dev.invisionboard.fr
163.116.6.14 - - [13/Sep/2012:17:56:34 +0200] "GET /javascripts/effects.js?1334391667 HTTP/1.1" 304 - "http://dev.invisionboard.fr/" "Mozilla/5.0 (Windows NT 6.0; rv:17.0) Gecko/17.0 Firefox/17.0" >dev.invisionboard.fr
163.116.6.14 - - [13/Sep/2012:17:56:34 +0200] "GET /javascripts/dragdrop.js?1334391667 HTTP/1.1" 304 - "http://dev.invisionboard.fr/" "Mozilla/5.0 (Windows NT 6.0; rv:17.0) Gecko/17.0 Firefox/17.0" >dev.invisionboard.fr
163.116.6.14 - - [13/Sep/2012:17:56:34 +0200] "GET /javascripts/controls.js?1334391667 HTTP/1.1" 304 - "http://dev.invisionboard.fr/" "Mozilla/5.0 (Windows NT 6.0; rv:17.0) Gecko/17.0 Firefox/17.0" >dev.invisionboard.fr
163.116.6.14 - - [13/Sep/2012:17:56:34 +0200] "GET /javascripts/application.js?1334391667 HTTP/1.1" 304 - "http://dev.invisionboard.fr/" "Mozilla/5.0 (Windows NT 6.0; rv:17.0) Gecko/17.0 Firefox/17.0" >dev.invisionboard.fr
163.116.6.14 - - [13/Sep/2012:17:56:34 +0200] "GET /activity.atom HTTP/1.1" 200 555 "-" "Mozilla/4.0 (compatible;)" >dev.invisionboard.fr
163.116.6.14 - - [13/Sep/2012:17:56:35 +0200] "GET /stylesheets/scm.css?1334391667 HTTP/1.1" 304 - "http://dev.invisionboard.fr/" "Mozilla/5.0 (Windows NT 6.0; rv:17.0) Gecko/17.0 Firefox/17.0" >e2t.invisionboard.fr
66.249.71.187 - - [13/Sep/2012:17:58:20 +0200] "GET /wiki/KDESvn?action=diff&version=2 HTTP/1.1" 200 27978 "-" "Mozilla/5.0 (compatible; Googlebot/2.1; +http://www.google.com/bot.html)" >youp3.invisionboard.fr
91.151.118.1 - - [13/Sep/2012:17:58:25 +0200] "GET /index.php/feed/atom HTTP/1.1" 200 33784 "-" "Mozilla/5.0 (Windows NT 6.1; rv:16.0) Gecko/20100101 Firefox/16.0" >youp3.invisionboard.fr
91.151.118.1 - - [13/Sep/2012:17:58:29 +0200] "GET /index.php/feed/rss2/comments HTTP/1.1" 200 15847 "-" "Mozilla/5.0 (Windows NT 6.1; rv:16.0) Gecko/20100101 Firefox/16.0" >dev.invisionboard.fr
91.151.118.1 - - [13/Sep/2012:18:00:09 +0200] "GET /projects/mods/activity.atom?key=QGB5SLcQxeueBo2G54nToFxoy8sWWYrYBSgOSyXt HTTP/1.1" 200 4845 "-" "Mozilla/5.0 (Windows NT 6.1; rv:16.0) Gecko/20100101 Firefox/16.0" >dev.invisionboard.fr
91.151.118.1 - - [13/Sep/2012:18:00:13 +0200] "GET /projects/traductions/activity.atom?key=QGB5SLcQxeueBo2G54nToFxoy8sWWYrYBSgOSyXt HTTP/1.1" 200 7946 "-" "Mozilla/5.0 (Windows NT 6.1; rv:16.0) Gecko/20100101 Firefox/16.0" >youp3.invisionboard.fr
37.59.81.243 - - [13/Sep/2012:18:00:39 +0200] "GET /feed/rss2 HTTP/1.0" 200 33702 "-" "Mozilla/4.0 (compatible; MSIE 8.0; Windows NT 5.1; Sindup)" >dev.invisionboard.fr
66.249.71.46 - - [13/Sep/2012:18:03:23 +0200] "GET /projects/e2t/activity?from=2007-09-18 HTTP/1.1" 200 7133 "-" "Mozilla/5.0 (compatible; Googlebot/2.1; +http://www.google.com/bot.html)" >e2t.invisionboard.fr
66.249.71.187 - - [13/Sep/2012:18:08:34 +0200] "GET /wiki/TutoSVN?action=diff&version=2 HTTP/1.1" 200 9768 "-" "Mozilla/5.0 (compatible; Googlebot/2.1; +http://www.google.com/bot.html)" >e2t.invisionboard.fr
66.249.71.187 - - [13/Sep/2012:18:10:37 +0200] "GET /changeset/175 HTTP/1.1" 200 11907 "-" "Mozilla/5.0 (compatible; Googlebot/2.1; +http://www.google.com/bot.html)" >youp3.invisionboard.fr
163.116.6.14 - - [13/Sep/2012:18:13:56 +0200] "GET / HTTP/1.1" 304 - "-" "Mozilla/5.0 (Windows NT 6.0; rv:17.0) Gecko/17.0 Firefox/17.0" >youp3.invisionboard.fr
163.116.6.14 - - [13/Sep/2012:18:13:57 +0200] "GET /?pf=atReply/js/atReplyThread.js HTTP/1.1" 304 - "http://youp3.invisionboard.fr/" "Mozilla/5.0 (Windows NT 6.0; rv:17.0) Gecko/17.0 Firefox/17.0" >youp3.invisionboard.fr
163.116.6.14 - - [13/Sep/2012:18:13:57 +0200] "GET /?pf=smiliesEditor/js/smile.js HTTP/1.1" 304 - "http://youp3.invisionboard.fr/" "Mozilla/5.0 (Windows NT 6.0; rv:17.0) Gecko/17.0 Firefox/17.0" >youp3.invisionboard.fr
163.116.6.14 - - [13/Sep/2012:18:13:57 +0200] "GET /?pf=atReply/js/atReply.js HTTP/1.1" 304 - "http://youp3.invisionboard.fr/" "Mozilla/5.0 (Windows NT 6.0; rv:17.0) Gecko/17.0 Firefox/17.0" >youp3.invisionboard.fr
163.116.6.14 - - [13/Sep/2012:18:13:57 +0200] "GET /?pf=lightbox/js/modal.js HTTP/1.1" 304 - "http://youp3.invisionboard.fr/" "Mozilla/5.0 (Windows NT 6.0; rv:17.0) Gecko/17.0 Firefox/17.0" >youp3.invisionboard.fr
163.116.6.14 - - [13/Sep/2012:18:13:57 +0200] "GET /?pf=lightbox/css/modal.css HTTP/1.1" 304 - "http://youp3.invisionboard.fr/" "Mozilla/5.0 (Windows NT 6.0; rv:17.0) Gecko/17.0 Firefox/17.0" >youp3.invisionboard.fr
163.116.6.14 - - [13/Sep/2012:18:13:57 +0200] "GET /?pf=doTwit/css/dotwit.css HTTP/1.1" 304 - "http://youp3.invisionboard.fr/" "Mozilla/5.0 (Windows NT 6.0; rv:17.0) Gecko/17.0 Firefox/17.0" >youp3.invisionboard.fr
163.116.6.14 - - [13/Sep/2012:18:13:57 +0200] "GET /themes/youp2/dotwit.css HTTP/1.1" 404 10522 "http://youp3.invisionboard.fr/" "Mozilla/5.0 (Windows NT 6.0; rv:17.0) Gecko/17.0 Firefox/17.0" >youp3.invisionboard.fr
163.116.6.14 - - [13/Sep/2012:18:13:58 +0200] "GET /feed/rss2 HTTP/1.1" 200 33702 "-" "Mozilla/4.0 (compatible;)" >e2t.invisionboard.fr
66.249.71.187 - - [13/Sep/2012:18:14:29 +0200] "GET /timeline?from=2007-03-10&daysback=30&authors= HTTP/1.1" 200 23871 "-" "Mozilla/5.0 (compatible; Googlebot/2.1; +http://www.google.com/bot.html)" >dev.invisionboard.fr
66.249.71.46 - - [13/Sep/2012:18:16:01 +0200] "GET /projects/e2t/activity?from=2007-10-19 HTTP/1.1" 200 5619 "-" "Mozilla/5.0 (compatible; Googlebot/2.1; +http://www.google.com/bot.html)" >dev.invisionboard.fr
66.249.71.46 - - [13/Sep/2012:18:16:17 +0200] "GET /issues/show/55 HTTP/1.1" 200 9063 "-" "Mozilla/5.0 (compatible; Googlebot/2.1; +http://www.google.com/bot.html)" >dev.invisionboard.fr
66.249.71.46 - - [13/Sep/2012:18:18:33 +0200] "GET /issues?page=2&sort=project%2Csubject%3Adesc%2Cassigned_to HTTP/1.1" 200 44931 "-" "Mozilla/5.0 (compatible; Googlebot/2.1; +http://www.google.com/bot.html)" >dev.invisionboard.fr
66.249.71.46 - - [13/Sep/2012:18:21:52 +0200] "GET /projects/e2t/activity?from=2007-05-27 HTTP/1.1" 200 5211 "-" "Mozilla/5.0 (compatible; Googlebot/2.1; +http://www.google.com/bot.html)" >youp3.invisionboard.fr
117.104.162.228 - - [13/Sep/2012:18:22:07 +0200] "POST /?-dallow_url_include%3don+-dauto_prepend_file%3dphp://input HTTP/1.1" 200 21999 "-" "Mozilla/4.0 (compatible; MSIE 7.0; Windows NT 5.1; .NET CLR 1.0.3705; .NET CLR 1.1.4322; Media Center PC 4.0)" >dev.invisionboard.fr
123.125.71.76 - - [13/Sep/2012:18:23:21 +0200] "HEAD /issues/83.pdf HTTP/1.1" 200 - "-" "Baiduspider+(+http://www.baidu.com/search/spider.htm)" >dev.invisionboard.fr
123.125.71.98 - - [13/Sep/2012:18:23:23 +0200] "GET /issues/83.pdf HTTP/1.1" 200 316326 "-" "Baiduspider+(+http://www.baidu.com/search/spider.htm)" >dev.invisionboard.fr
66.249.71.46 - - [13/Sep/2012:18:26:03 +0200] "GET /issues?page=spnsjzdop&per_page=25&sort=tracker%3Adesc%2Cpriority%3Adesc%2Cassigned_to%3Adesc HTTP/1.1" 200 52003 "-" "Mozilla/5.0 (compatible; Googlebot/2.1; +http://www.google.com/bot.html)" >e2t.invisionboard.fr
66.249.71.187 - - [13/Sep/2012:18:26:05 +0200] "GET /timeline?from=2006-11-21&daysback=30&authors= HTTP/1.1" 200 34093 "-" "Mozilla/5.0 (compatible; Googlebot/2.1; +http://www.google.com/bot.html)" >youp3.invisionboard.fr
119.63.196.14 - - [13/Sep/2012:18:26:25 +0200] "GET / HTTP/1.1" 200 21999 "-" "Mozilla/5.0 (compatible; Baiduspider/2.0; +http://www.baidu.com/search/spider.html)" >dev.invisionboard.fr
208.115.111.69 - - [13/Sep/2012:18:27:15 +0200] "GET /robots.txt HTTP/1.1" 200 613 "-" "Mozilla/5.0 (compatible; Ezooms/1.0; ezooms.bot@gmail.com)" >dev.invisionboard.fr
184.72.144.237 - - [13/Sep/2012:18:28:15 +0200] "GET /news.atom HTTP/1.1" 200 542 "-" "rogerbot/1.0 (http://www.seomoz.org/dp/rogerbot, rogerbot-crawler@seomoz.org)" >dev.invisionboard.fr
66.249.71.46 - - [13/Sep/2012:18:29:11 +0200] "GET /versions/10 HTTP/1.1" 200 22486 "-" "Mozilla/5.0 (compatible; Googlebot/2.1; +http://www.google.com/bot.html)" >e2t.invisionboard.fr
66.249.71.187 - - [13/Sep/2012:18:31:35 +0200] "GET /timeline?from=2007-12-19&daysback=30&authors= HTTP/1.1" 200 8357 "-" "Mozilla/5.0 (compatible; Googlebot/2.1; +http://www.google.com/bot.html)" >youp3.invisionboard.fr
163.116.6.14 - - [13/Sep/2012:18:32:03 +0200] "GET /post/2012/08/20/Am%C3%A9liorer-la-s%C3%A9curit%C3%A9-de-son-compte-en-ligne-%3A-validation-en-deux-%C3%A9tapes HTTP/1.1" 304 - "http://youp3.invisionboard.fr/" "Mozilla/5.0 (Windows NT 6.0; rv:17.0) Gecko/17.0 Firefox/17.0" >youp3.invisionboard.fr
163.116.6.14 - - [13/Sep/2012:18:32:04 +0200] "GET /themes/youp2/dotwit.css HTTP/1.1" 404 10522 "http://youp3.invisionboard.fr/post/2012/08/20/Am%C3%A9liorer-la-s%C3%A9curit%C3%A9-de-son-compte-en-ligne-%3A-validation-en-deux-%C3%A9tapes" "Mozilla/5.0 (Windows NT 6.0; rv:17.0) Gecko/17.0 Firefox/17.0" >youp3.invisionboard.fr
163.116.6.14 - - [13/Sep/2012:18:32:05 +0200] "GET /feed/rss2 HTTP/1.1" 200 33702 "-" "Mozilla/4.0 (compatible;)" >youp3.invisionboard.fr
163.116.6.14 - - [13/Sep/2012:18:32:05 +0200] "GET /?pf=atReply/img/reply.png HTTP/1.1" 304 - "http://youp3.invisionboard.fr/post/2012/08/20/Am%C3%A9liorer-la-s%C3%A9curit%C3%A9-de-son-compte-en-ligne-%3A-validation-en-deux-%C3%A9tapes" "Mozilla/5.0 (Windows NT 6.0; rv:17.0) Gecko/17.0 Firefox/17.0" >dev.invisionboard.fr
91.237.249.87 - - [13/Sep/2012:18:32:54 +0200] "GET /issues/201/ HTTP/1.0" 200 14584 "http://dev.invisionboard.fr/issues/201/" "Opera/9.80 (Windows NT 6.1; WOW64; U; Edition Yx; ru) Presto/2.10.289 Version/12.00" >dev.invisionboard.fr
91.237.249.87 - - [13/Sep/2012:18:32:54 +0200] "GET /account/register HTTP/1.0" 200 6543 "http://dev.invisionboard.fr/account/register" "Opera/9.80 (Windows NT 6.1; WOW64; U; Edition Yx; ru) Presto/2.10.289 Version/12.00" >dev.invisionboard.fr
91.237.249.87 - - [13/Sep/2012:18:32:55 +0200] "POST /account/register HTTP/1.0" 200 6848 "http://dev.invisionboard.fr/account/register" "Opera/9.80 (Windows NT 6.1; WOW64; U; Edition Yx; ru) Presto/2.10.289 Version/12.00" >dev.invisionboard.fr
91.237.249.87 - - [13/Sep/2012:18:32:55 +0200] "GET /login HTTP/1.0" 200 4100 "http://dev.invisionboard.fr/login" "Opera/9.80 (Windows NT 6.1; WOW64; U; Edition Yx; ru) Presto/2.10.289 Version/12.00" >dev.invisionboard.fr
91.237.249.87 - - [13/Sep/2012:18:32:56 +0200] "POST /login HTTP/1.0" 200 4168 "http://dev.invisionboard.fr/login" "Opera/9.80 (Windows NT 6.1; WOW64; U; Edition Yx; ru) Presto/2.10.289 Version/12.00" >dev.invisionboard.fr
91.237.249.87 - - [13/Sep/2012:18:32:56 +0200] "GET /issues/201/ HTTP/1.0" 200 14584 "http://dev.invisionboard.fr/issues/201/" "Opera/9.80 (Windows NT 6.1; WOW64; U; Edition Yx; ru) Presto/2.10.289 Version/12.00" >e2t.invisionboard.fr
66.249.71.187 - - [13/Sep/2012:18:33:59 +0200] "GET /changeset/180 HTTP/1.1" 200 6760 "-" "Mozilla/5.0 (compatible; Googlebot/2.1; +http://www.google.com/bot.html)" >dev.invisionboard.fr
66.249.71.46 - - [13/Sep/2012:18:34:48 +0200] "GET /projects/e2t/activity?from=2006-06-03 HTTP/1.1" 200 42683 "-" "Mozilla/5.0 (compatible; Googlebot/2.1; +http://www.google.com/bot.html)" >youp3.invisionboard.fr
157.55.32.152 - - [13/Sep/2012:18:35:02 +0200] "GET /post/2009/07/06/Japan-Expo-2009 HTTP/1.1" 200 19393 "-" "Mozilla/5.0 (compatible; bingbot/2.0; +http://www.bing.com/bingbot.htm)" >youp3.invisionboard.fr
74.125.18.153 - - [13/Sep/2012:18:35:18 +0200] "GET /favicon.ico HTTP/1.1" 404 10522 "-" "-" >dev.invisionboard.fr
66.249.71.46 - - [13/Sep/2012:18:35:28 +0200] "GET /issues?page=1&sort=project%2Csubject%3Adesc%2Cassigned_to HTTP/1.1" 200 51384 "-" "Mozilla/5.0 (compatible; Googlebot/2.1; +http://www.google.com/bot.html)" >youp3.invisionboard.fr
66.249.71.138 - - [13/Sep/2012:18:36:30 +0200] "GET /category/Invision/page/2 HTTP/1.1" 200 20609 "-" "Mozilla/5.0 (compatible; Googlebot/2.1; +http://www.google.com/bot.html)" >e2t.invisionboard.fr
66.249.71.187 - - [13/Sep/2012:18:41:31 +0200] "GET /timeline?from=2007-10-18&daysback=30&authors= HTTP/1.1" 200 14954 "-" "Mozilla/5.0 (compatible; Googlebot/2.1; +http://www.google.com/bot.html)" >youp3.invisionboard.fr
66.249.71.138 - - [13/Sep/2012:18:46:56 +0200] "GET /post/2012/07/14/KeePass-%3A-de-l-importance-de-diversifier-ses-mots-de-passe HTTP/1.1" 200 23664 "-" "Mozilla/5.0 (compatible; Googlebot/2.1; +http://www.google.com/bot.html)" >dev.invisionboard.fr
66.249.71.46 - - [13/Sep/2012:18:48:08 +0200] "GET /issues?page=spnsjzdop&per_page=50&sort=tracker%3Adesc%2Cpriority%3Adesc%2Cassigned_to%3Adesc HTTP/1.1" 200 59772 "-" "Mozilla/5.0 (compatible; Googlebot/2.1; +http://www.google.com/bot.html)" >dev.invisionboard.fr
66.249.71.46 - - [13/Sep/2012:18:48:27 +0200] "GET /issues?page=spnsjzdop&per_page=100&sort=tracker%3Adesc%2Cpriority%3Adesc%2Cassigned_to%3Adesc HTTP/1.1" 200 59784 "-" "Mozilla/5.0 (compatible; Googlebot/2.1; +http://www.google.com/bot.html)" >e2t.invisionboard.fr
66.249.71.187 - - [13/Sep/2012:18:48:30 +0200] "GET /timeline?from=2006-10-20&daysback=30&authors= HTTP/1.1" 200 7054 "-" "Mozilla/5.0 (compatible; Googlebot/2.1; +http://www.google.com/bot.html)" >youp3.invisionboard.fr
94.75.226.130 - - [13/Sep/2012:18:48:33 +0200] "POST /?-dallow_url_include%3don+-dauto_prepend_file%3dphp://input HTTP/1.1" 200 21999 "-" "Mozilla/4.0 (compatible; MSIE 7.0; Windows NT 5.1; .NET CLR 1.0.3705; .NET CLR 1.1.4322; Media Center PC 4.0)" >e2t.invisionboard.fr
178.255.215.66 - - [13/Sep/2012:18:49:06 +0200] "GET /robots.txt HTTP/1.1" 404 4032 "-" "Mozilla/5.0 (compatible; Exabot/3.0; +http://www.exabot.com/go/robot)" >e2t.invisionboard.fr
178.255.215.66 - - [13/Sep/2012:18:49:09 +0200] "GET /ticket/189?format=tab HTTP/1.1" 404 4056 "-" "Mozilla/5.0 (compatible; Exabot/3.0; +http://www.exabot.com/go/robot)" >dev.invisionboard.fr
91.201.64.24 - - [13/Sep/2012:18:49:57 +0200] "GET /activity?show_issues=1 HTTP/1.1" 200 5136 "-" "Mozilla/5.0 (X11; U; Linux i686; pl; rv:1.8.0.7) Gecko/20060914 Firefox/1.5.0.7 (Swiftfox)" >youp3.invisionboard.fr
65.55.52.111 - - [13/Sep/2012:18:51:39 +0200] "GET /post/2009/01/24/Invision-Board-France-inaccessible HTTP/1.1" 200 17704 "-" "Mozilla/5.0 (compatible; bingbot/2.0; +http://www.bing.com/bingbot.htm)" >dev.invisionboard.fr
123.125.71.103 - - [13/Sep/2012:18:52:02 +0200] "HEAD /issues/78.pdf HTTP/1.1" 200 - "-" "Baiduspider+(+http://www.baidu.com/search/spider.htm)" >dev.invisionboard.fr
123.125.71.89 - - [13/Sep/2012:18:52:04 +0200] "GET /issues/78.pdf HTTP/1.1" 200 315113 "-" "Baiduspider+(+http://www.baidu.com/search/spider.htm)" >youp3.invisionboard.fr
119.63.196.95 - - [13/Sep/2012:18:52:10 +0200] "GET / HTTP/1.1" 200 21999 "-" "Mozilla/5.0 (compatible; Baiduspider/2.0; +http://www.baidu.com/search/spider.html)" >dev.invisionboard.fr
208.115.113.85 - - [13/Sep/2012:18:54:29 +0200] "GET /boards/1/topics/24?r=26 HTTP/1.1" 200 4850 "-" "Mozilla/5.0 (compatible; Ezooms/1.0; ezooms.bot@gmail.com)" >dev.invisionboard.fr
208.115.113.85 - - [13/Sep/2012:18:54:32 +0200] "GET /issues/144 HTTP/1.1" 200 7540 "-" "Mozilla/5.0 (compatible; Ezooms/1.0; ezooms.bot@gmail.com)" >dev.invisionboard.fr
66.249.71.46 - - [13/Sep/2012:18:56:05 +0200] "GET /projects/e2t/activity?from=2007-10-18 HTTP/1.1" 200 6058 "-" "Mozilla/5.0 (compatible; Googlebot/2.1; +http://www.google.com/bot.html)" >e2t.invisionboard.fr
66.249.71.187 - - [13/Sep/2012:18:56:06 +0200] "GET /timeline?from=2006-04-02&daysback=30&authors= HTTP/1.1" 200 7054 "-" "Mozilla/5.0 (compatible; Googlebot/2.1; +http://www.google.com/bot.html)" >dev.invisionboard.fr
183.60.214.26 - - [13/Sep/2012:18:57:03 +0200] "GET /stylesheets/scm.css?1323528727 HTTP/1.1" 200 6803 "http://dev.invisionboard.fr/stylesheets/" "Mozilla/5.0 (Windows NT 6.1; rv:11.0) Gecko/20100101 Firefox/11.0" >youp3.invisionboard.fr
66.249.71.138 - - [13/Sep/2012:18:57:27 +0200] "GET /tag/RER%20A/page/3 HTTP/1.1" 200 14166 "-" "Mozilla/5.0 (compatible; Googlebot/2.1; +http://www.google.com/bot.html)" >dev.invisionboard.fr
66.249.71.46 - - [13/Sep/2012:18:58:35 +0200] "GET /issues?page=1&sort=project%3Adesc%2Csubject%3Adesc%2Cassigned_to HTTP/1.1" 200 51478 "-" "Mozilla/5.0 (compatible; Googlebot/2.1; +http://www.google.com/bot.html)" >dev.invisionboard.fr
66.249.71.46 - - [13/Sep/2012:19:00:22 +0200] "GET /issues?query_id=&sort=project%2Cassigned_to%2Cpriority%3Adesc HTTP/1.1" 200 51205 "-" "Mozilla/5.0 (compatible; Googlebot/2.1; +http://www.google.com/bot.html)" >youp3.invisionboard.fr
37.59.81.241 - - [13/Sep/2012:19:00:39 +0200] "GET /feed/rss2 HTTP/1.0" 200 33702 "-" "Mozilla/4.0 (compatible; MSIE 8.0; Windows NT 5.1; Sindup)" >dev.invisionboard.fr
220.181.108.87 - - [13/Sep/2012:19:01:42 +0200] "GET /issues/show/38 HTTP/1.1" 200 10525 "-" "Mozilla/5.0 (compatible; Baiduspider/2.0; +http://www.baidu.com/search/spider.html)" >youp3.invisionboard.fr
195.78.76.89 - - [13/Sep/2012:19:03:41 +0200] "POST /?-dallow_url_include%3don+-dauto_prepend_file%3dphp://input HTTP/1.1" 200 21999 "-" "Mozilla/4.0 (compatible; MSIE 7.0; Windows NT 5.1; .NET CLR 1.0.3705; .NET CLR 1.1.4322; Media Center PC 4.0)" >e2t.invisionboard.fr
66.249.71.187 - - [13/Sep/2012:19:04:00 +0200] "GET /timeline?from=2006-05-19&daysback=30&authors= HTTP/1.1" 200 7054 "-" "Mozilla/5.0 (compatible; Googlebot/2.1; +http://www.google.com/bot.html)" >e2t.invisionboard.fr
66.249.71.187 - - [13/Sep/2012:19:05:02 +0200] "GET /timeline?from=2006-07-20&daysback=30&authors= HTTP/1.1" 200 7054 "-" "Mozilla/5.0 (compatible; Googlebot/2.1; +http://www.google.com/bot.html)" >youp3.invisionboard.fr
91.218.114.12 - - [13/Sep/2012:19:05:42 +0200] "GET /category/Sport/ HTTP/1.0" 404 10522 "http://youp3.invisionboard.fr/category/Sport/" "Mozilla/5.0 (Windows NT 6.1; rv:13.0) Gecko/20100101 Firefox/13.0.1" >youp3.invisionboard.fr
91.218.114.12 - - [13/Sep/2012:19:05:42 +0200] "GET / HTTP/1.0" 200 21999 "http://youp3.invisionboard.fr/" "Mozilla/5.0 (Windows NT 6.1; rv:13.0) Gecko/20100101 Firefox/13.0.1" >youp3.invisionboard.fr
91.218.114.12 - - [13/Sep/2012:19:05:47 +0200] "GET /archive HTTP/1.0" 200 20425 "http://youp3.invisionboard.fr/archive" "Mozilla/5.0 (Windows NT 6.1; rv:13.0) Gecko/20100101 Firefox/13.0.1" >youp3.invisionboard.fr
91.218.114.12 - - [13/Sep/2012:19:05:48 +0200] "GET /archive/2012/08 HTTP/1.0" 200 11923 "http://youp3.invisionboard.fr/archive/2012/08" "Mozilla/5.0 (Windows NT 6.1; rv:13.0) Gecko/20100101 Firefox/13.0.1" >youp3.invisionboard.fr
91.218.114.12 - - [13/Sep/2012:19:05:51 +0200] "GET /archive/2012/07 HTTP/1.0" 200 12928 "http://youp3.invisionboard.fr/archive/2012/07" "Mozilla/5.0 (Windows NT 6.1; rv:13.0) Gecko/20100101 Firefox/13.0.1" >youp3.invisionboard.fr
91.218.114.12 - - [13/Sep/2012:19:05:53 +0200] "GET /archive/2012/02 HTTP/1.0" 200 11617 "http://youp3.invisionboard.fr/archive/2012/02" "Mozilla/5.0 (Windows NT 6.1; rv:13.0) Gecko/20100101 Firefox/13.0.1" >youp3.invisionboard.fr
91.218.114.12 - - [13/Sep/2012:19:05:53 +0200] "GET /archive/2011/02 HTTP/1.0" 200 12099 "http://youp3.invisionboard.fr/archive/2011/02" "Mozilla/5.0 (Windows NT 6.1; rv:13.0) Gecko/20100101 Firefox/13.0.1" >youp3.invisionboard.fr
91.218.114.12 - - [13/Sep/2012:19:05:54 +0200] "GET /archive/2010/07 HTTP/1.0" 200 12717 "http://youp3.invisionboard.fr/archive/2010/07" "Mozilla/5.0 (Windows NT 6.1; rv:13.0) Gecko/20100101 Firefox/13.0.1" >youp3.invisionboard.fr
91.218.114.12 - - [13/Sep/2012:19:05:55 +0200] "GET /archive/2010/02 HTTP/1.0" 200 13969 "http://youp3.invisionboard.fr/archive/2010/02" "Mozilla/5.0 (Windows NT 6.1; rv:13.0) Gecko/20100101 Firefox/13.0.1" >youp3.invisionboard.fr
91.218.114.12 - - [13/Sep/2012:19:05:59 +0200] "GET /archive/2010/01 HTTP/1.0" 200 12246 "http://youp3.invisionboard.fr/archive/2010/01" "Mozilla/5.0 (Windows NT 6.1; rv:13.0) Gecko/20100101 Firefox/13.0.1" >dev.invisionboard.fr
66.249.71.46 - - [13/Sep/2012:19:08:03 +0200] "GET /issues?page=1&per_page=100&sort=project%2Cpriority%2Csubject%3Adesc HTTP/1.1" 200 59446 "-" "Mozilla/5.0 (compatible; Googlebot/2.1; +http://www.google.com/bot.html)" >dev.invisionboard.fr
66.249.71.46 - - [13/Sep/2012:19:10:40 +0200] "GET /projects/e2t/activity?from=2007-07-26 HTTP/1.1" 200 40507 "-" "Mozilla/5.0 (compatible; Googlebot/2.1; +http://www.google.com/bot.html)" >e2t.invisionboard.fr
178.255.215.66 - - [13/Sep/2012:19:10:43 +0200] "GET /query?group=status&format=tab&milestone=2.3 HTTP/1.1" 200 53 "-" "Mozilla/5.0 (compatible; Exabot/3.0; +http://www.exabot.com/go/robot)" >youp3.invisionboard.fr
23.22.17.12 - - [13/Sep/2012:19:12:04 +0200] "HEAD / HTTP/1.1" 200 - "-" "Mozilla/4.0 (compatible; MSIE 8.0; Windows NT 5.1; Trident/4.0; GTB6.4)" >e2t.invisionboard.fr
66.249.71.187 - - [13/Sep/2012:19:16:17 +0200] "GET /timeline?from=2007-01-06&daysback=30&authors= HTTP/1.1" 200 44106 "-" "Mozilla/5.0 (compatible; Googlebot/2.1; +http://www.google.com/bot.html)" >dev.invisionboard.fr
66.249.71.46 - - [13/Sep/2012:19:16:21 +0200] "GET /projects/e2t/activity?from=2007-08-19 HTTP/1.1" 200 14361 "-" "Mozilla/5.0 (compatible; Googlebot/2.1; +http://www.google.com/bot.html)" >youp3.invisionboard.fr
178.255.215.66 - - [13/Sep/2012:19:17:12 +0200] "GET /tag/Nvidia HTTP/1.1" 200 13336 "-" "Mozilla/5.0 (compatible; Exabot/3.0; +http://www.exabot.com/go/robot)" >dev.invisionboard.fr
119.63.196.93 - - [13/Sep/2012:19:18:08 +0200] "GET /issues?sort=priority%3Adesc%2Cstatus%2Cid%3Adesc HTTP/1.1" 200 51828 "-" "Mozilla/5.0 (compatible; Baiduspider/2.0; +http://www.baidu.com/search/spider.html)" >youp3.invisionboard.fr
66.249.71.138 - - [13/Sep/2012:19:18:25 +0200] "GET /index.php/?q=suse HTTP/1.1" 200 20703 "-" "Mozilla/5.0 (compatible; Googlebot/2.1; +http://www.google.com/bot.html)" >e2t.invisionboard.fr
66.249.71.187 - - [13/Sep/2012:19:18:26 +0200] "GET /timeline?from=2007-03-09&daysback=30&authors= HTTP/1.1" 200 23104 "-" "Mozilla/5.0 (compatible; Googlebot/2.1; +http://www.google.com/bot.html)" >dev.invisionboard.fr
123.125.71.89 - - [13/Sep/2012:19:20:52 +0200] "HEAD /issues/6.pdf HTTP/1.1" 200 - "-" "Baiduspider+(+http://www.baidu.com/search/spider.htm)" >dev.invisionboard.fr
123.125.71.100 - - [13/Sep/2012:19:20:54 +0200] "GET /issues/6.pdf HTTP/1.1" 200 318520 "-" "Baiduspider+(+http://www.baidu.com/search/spider.htm)" >e2t.invisionboard.fr
66.249.71.187 - - [13/Sep/2012:19:24:32 +0200] "GET /timeline?from=2006-09-20&daysback=30&authors= HTTP/1.1" 200 7054 "-" "Mozilla/5.0 (compatible; Googlebot/2.1; +http://www.google.com/bot.html)" >dev.invisionboard.fr
66.249.71.46 - - [13/Sep/2012:19:24:35 +0200] "GET /issues?page=1&sort=updated_on%3Adesc%2Cpriority%3Adesc%2Cproject&sort_key=priority&sort_order=desc HTTP/1.1" 200 52074 "-" "Mozilla/5.0 (compatible; Googlebot/2.1; +http://www.google.com/bot.html)" >dev.invisionboard.fr
66.249.71.46 - - [13/Sep/2012:19:27:22 +0200] "GET /projects/e2t/activity?from=2007-08-20 HTTP/1.1" 200 11734 "-" "Mozilla/5.0 (compatible; Googlebot/2.1; +http://www.google.com/bot.html)" >youp3.invisionboard.fr
66.249.71.138 - - [13/Sep/2012:19:28:51 +0200] "GET /tag/Traduction HTTP/1.1" 200 15099 "-" "Mozilla/5.0 (compatible; Googlebot/2.1; +http://www.google.com/bot.html)" >dev.invisionboard.fr
66.249.71.46 - - [13/Sep/2012:19:29:16 +0200] "GET /projects/e2t/issues?category_id=7&fixed_version_id=9&set_filter=1&status_id=* HTTP/1.1" 200 41314 "-" "Mozilla/5.0 (compatible; Googlebot/2.1; +http://www.google.com/bot.html)" >dev.invisionboard.fr
50.16.19.18 - - [13/Sep/2012:19:33:04 +0200] "GET /news.atom HTTP/1.1" 200 542 "-" "rogerbot/1.0 (http://www.seomoz.org/dp/rogerbot, rogerbot-crawler@seomoz.org)" >e2t.invisionboard.fr
66.249.71.187 - - [13/Sep/2012:19:34:17 +0200] "GET /timeline?from=2007-01-07&daysback=30&authors= HTTP/1.1" 200 43725 "-" "Mozilla/5.0 (compatible; Googlebot/2.1; +http://www.google.com/bot.html)" >e2t.invisionboard.fr
66.249.71.187 - - [13/Sep/2012:19:34:50 +0200] "GET /timeline?from=2006-12-20&daysback=30&authors= HTTP/1.1" 200 29571 "-" "Mozilla/5.0 (compatible; Googlebot/2.1; +http://www.google.com/bot.html)" >dev.invisionboard.fr
66.249.71.46 - - [13/Sep/2012:19:34:53 +0200] "GET /issues?page=1&sort=updated_on%3Adesc%2Cpriority%3Adesc%2Ctracker&sort_key=priority&sort_order=desc HTTP/1.1" 200 52074 "-" "Mozilla/5.0 (compatible; Googlebot/2.1; +http://www.google.com/bot.html)" >dev.invisionboard.fr
66.249.71.46 - - [13/Sep/2012:19:38:32 +0200] "GET /issues?page=2&sort=updated_on%3Adesc%2Cpriority%3Adesc%2Cproject&sort_key=priority&sort_order=desc HTTP/1.1" 200 45907 "-" "Mozilla/5.0 (compatible; Googlebot/2.1; +http://www.google.com/bot.html)" >youp3.invisionboard.fr
192.168.17.254 - - [13/Sep/2012:19:38:36 +0200] "GET /index.php/feed/atom HTTP/1.1" 304 - "-" "Mozilla/5.0 (Windows NT 6.1; WOW64; rv:15.0) Gecko/20100101 Firefox/15.0.1" >youp3.invisionboard.fr
192.168.17.254 - - [13/Sep/2012:19:38:40 +0200] "GET /index.php/feed/rss2/comments HTTP/1.1" 304 - "-" "Mozilla/5.0 (Windows NT 6.1; WOW64; rv:15.0) Gecko/20100101 Firefox/15.0.1" >youp3.invisionboard.fr
66.249.71.138 - - [13/Sep/2012:19:39:16 +0200] "GET /post/2007/07/22/Canon-Speedlite-430EX HTTP/1.1" 200 16912 "-" "Mozilla/5.0 (compatible; Googlebot/2.1; +http://www.google.com/bot.html)" >dev.invisionboard.fr
192.168.17.254 - - [13/Sep/2012:19:40:21 +0200] "GET /projects/mods/activity.atom?key=QGB5SLcQxeueBo2G54nToFxoy8sWWYrYBSgOSyXt HTTP/1.1" 200 4845 "-" "Mozilla/5.0 (Windows NT 6.1; WOW64; rv:15.0) Gecko/20100101 Firefox/15.0.1" >dev.invisionboard.fr
192.168.17.254 - - [13/Sep/2012:19:40:25 +0200] "GET /projects/traductions/activity.atom?key=QGB5SLcQxeueBo2G54nToFxoy8sWWYrYBSgOSyXt HTTP/1.1" 200 7946 "-" "Mozilla/5.0 (Windows NT 6.1; WOW64; rv:15.0) Gecko/20100101 Firefox/15.0.1" >dev.invisionboard.fr
66.249.71.46 - - [13/Sep/2012:19:42:16 +0200] "GET /issues?page=1&per_page=100&sort=updated_on%3Adesc%2Cpriority%3Adesc%2Cproject&sort_key=priority&sort_order=desc HTTP/1.1" 200 60238 "-" "Mozilla/5.0 (compatible; Googlebot/2.1; +http://www.google.com/bot.html)" >youp3.invisionboard.fr
157.7.144.61 - - [13/Sep/2012:19:43:47 +0200] "POST /?-dallow_url_include%3don+-dauto_prepend_file%3dphp://input HTTP/1.1" 200 21999 "-" "Mozilla/4.0 (compatible; MSIE 7.0; Windows NT 5.1; .NET CLR 1.0.3705; .NET CLR 1.1.4322; Media Center PC 4.0)" >e2t.invisionboard.fr
66.249.71.187 - - [13/Sep/2012:19:44:23 +0200] "GET / HTTP/1.1" 200 5752 "-" "Mozilla/5.0 (iPhone; U; CPU iPhone OS 4_1 like Mac OS X; en-us) AppleWebKit/532.9 (KHTML, like Gecko) Version/4.0.5 Mobile/8B117 Safari/6531.22.7 (compatible; Googlebot-Mobile/2.1; +http://www.google.com/bot.html)" >dev.invisionboard.fr
66.249.71.46 - - [13/Sep/2012:19:46:13 +0200] "GET /issues?page=1&sort=updated_on%3Adesc%2Cproject%2Cid%3Adesc&sort_key=priority&sort_order=desc HTTP/1.1" 200 51968 "-" "Mozilla/5.0 (compatible; Googlebot/2.1; +http://www.google.com/bot.html)" >e2t.invisionboard.fr
66.249.71.187 - - [13/Sep/2012:19:46:18 +0200] "GET /timeline?from=2006-10-19&daysback=30&authors= HTTP/1.1" 200 7054 "-" "Mozilla/5.0 (compatible; Googlebot/2.1; +http://www.google.com/bot.html)" >youp3.invisionboard.fr
66.249.71.138 - - [13/Sep/2012:19:46:22 +0200] "GET /feed/tag/Traduction/rss2 HTTP/1.1" 200 3764 "-" "Mozilla/5.0 (compatible; Googlebot/2.1; +http://www.google.com/bot.html)" >youp3.invisionboard.fr
66.249.71.138 - - [13/Sep/2012:19:49:55 +0200] "GET /post/2007/07/06/Extension-Firefox-%3A-Speed-Dial HTTP/1.1" 200 17455 "-" "Mozilla/5.0 (compatible; Googlebot/2.1; +http://www.google.com/bot.html)" >dev.invisionboard.fr
123.125.71.100 - - [13/Sep/2012:19:50:26 +0200] "HEAD /issues/55.pdf HTTP/1.1" 200 - "-" "Baiduspider+(+http://www.baidu.com/search/spider.htm)" >dev.invisionboard.fr
123.125.71.84 - - [13/Sep/2012:19:50:28 +0200] "GET /issues/55.pdf HTTP/1.1" 200 316673 "-" "Baiduspider+(+http://www.baidu.com/search/spider.htm)" >dev.invisionboard.fr
110.171.60.43 - - [13/Sep/2012:19:53:46 +0200] "GET /issues/154/ HTTP/1.0" 200 10229 "http://dev.invisionboard.fr/issues/154/" "Opera/9.80 (Windows NT 6.1; U; ru) Presto/2.10.229 Version/11.62" >dev.invisionboard.fr
110.171.60.43 - - [13/Sep/2012:19:53:47 +0200] "GET /account/register HTTP/1.0" 200 6543 "http://dev.invisionboard.fr/account/register" "Opera/9.80 (Windows NT 6.1; U; ru) Presto/2.10.229 Version/11.62" >dev.invisionboard.fr
110.171.60.43 - - [13/Sep/2012:19:53:48 +0200] "POST /account/register HTTP/1.0" 200 6852 "http://dev.invisionboard.fr/account/register" "Opera/9.80 (Windows NT 6.1; U; ru) Presto/2.10.229 Version/11.62" >dev.invisionboard.fr
110.171.60.43 - - [13/Sep/2012:19:53:50 +0200] "GET /login HTTP/1.0" 200 4100 "http://dev.invisionboard.fr/login" "Opera/9.80 (Windows NT 6.1; U; ru) Presto/2.10.229 Version/11.62" >dev.invisionboard.fr
110.171.60.43 - - [13/Sep/2012:19:53:51 +0200] "POST /login HTTP/1.0" 200 4168 "http://dev.invisionboard.fr/login" "Opera/9.80 (Windows NT 6.1; U; ru) Presto/2.10.229 Version/11.62" >dev.invisionboard.fr
110.171.60.43 - - [13/Sep/2012:19:53:52 +0200] "GET /issues/154/ HTTP/1.0" 200 10229 "http://dev.invisionboard.fr/issues/154/" "Opera/9.80 (Windows NT 6.1; U; ru) Presto/2.10.229 Version/11.62" >dev.invisionboard.fr
66.249.71.46 - - [13/Sep/2012:19:54:21 +0200] "GET /issues?page=1&sort=updated_on%3Adesc%2Cproject%2Cpriority&sort_key=priority&sort_order=desc HTTP/1.1" 200 51957 "-" "Mozilla/5.0 (compatible; Googlebot/2.1; +http://www.google.com/bot.html)" >youp3.invisionboard.fr
66.249.71.138 - - [13/Sep/2012:19:55:57 +0200] "GET /feed/atom/comments/60 HTTP/1.1" 200 673 "-" "Mozilla/5.0 (compatible; Googlebot/2.1; +http://www.google.com/bot.html)" >youp3.invisionboard.fr
72.14.199.214 - - [13/Sep/2012:19:57:20 +0200] "GET /index.php/feed/atom HTTP/1.1" 200 33784 "-" "Feedfetcher-Google; (+http://www.google.com/feedfetcher.html; 1 subscribers; feed-id=2011646292933713755)" >youp3.invisionboard.fr
157.55.32.152 - - [13/Sep/2012:19:59:01 +0200] "GET /robots.txt HTTP/1.1" 404 10522 "-" "Mozilla/5.0 (compatible; bingbot/2.0; +http://www.bing.com/bingbot.htm)" >e2t.invisionboard.fr
66.249.71.187 - - [13/Sep/2012:19:59:32 +0200] "GET /timeline?from=2006-08-04&daysback=30&authors= HTTP/1.1" 200 7054 "-" "Mozilla/5.0 (compatible; Googlebot/2.1; +http://www.google.com/bot.html)" >youp3.invisionboard.fr
66.249.71.138 - - [13/Sep/2012:20:00:11 +0200] "GET /post/2009/10/28/Bravo-Microsoft HTTP/1.1" 200 17379 "-" "Mozilla/5.0 (compatible; Googlebot/2.1; +http://www.google.com/bot.html)" >e2t.invisionboard.fr
66.249.71.187 - - [13/Sep/2012:20:00:31 +0200] "GET /wiki/ModList?version=4 HTTP/1.1" 200 6139 "-" "Mozilla/5.0 (compatible; Googlebot/2.1; +http://www.google.com/bot.html)" >youp3.invisionboard.fr
37.59.81.248 - - [13/Sep/2012:20:00:51 +0200] "GET /feed/rss2 HTTP/1.0" 200 33702 "-" "Mozilla/4.0 (compatible; MSIE 8.0; Windows NT 5.1; Sindup)" >youp3.invisionboard.fr
119.63.196.122 - - [13/Sep/2012:20:01:31 +0200] "GET /tag/RER%20B HTTP/1.1" 200 19077 "-" "Mozilla/5.0 (compatible; Baiduspider/2.0; +http://www.baidu.com/search/spider.html)" >dev.invisionboard.fr
66.249.71.46 - - [13/Sep/2012:20:03:28 +0200] "GET /issues?page=1&sort=tracker%2Cupdated_on%3Adesc%2Cproject&sort_key=priority&sort_order=desc HTTP/1.1" 200 51974 "-" "Mozilla/5.0 (compatible; Googlebot/2.1; +http://www.google.com/bot.html)" >youp3.invisionboard.fr
157.55.32.152 - - [13/Sep/2012:20:07:21 +0200] "GET /post/2009/10/23/Mandriva-2010 HTTP/1.1" 200 13274 "-" "Mozilla/5.0 (compatible; bingbot/2.0; +http://www.bing.com/bingbot.htm)" >dev.invisionboard.fr
66.249.71.46 - - [13/Sep/2012:20:08:04 +0200] "GET /issues?page=1&sort=updated_on%3Adesc%2Cproject%2Cstatus&sort_key=priority&sort_order=desc HTTP/1.1" 200 51935 "-" "Mozilla/5.0 (compatible; Googlebot/2.1; +http://www.google.com/bot.html)" >e2t.invisionboard.fr
66.249.71.187 - - [13/Sep/2012:20:08:06 +0200] "GET /timeline?from=2007-02-10&daysback=30&authors= HTTP/1.1" 200 24056 "-" "Mozilla/5.0 (compatible; Googlebot/2.1; +http://www.google.com/bot.html)" >dev.invisionboard.fr
66.249.71.46 - - [13/Sep/2012:20:08:09 +0200] "GET /issues?page=1&sort=status%2Cupdated_on%3Adesc%2Cproject&sort_key=priority&sort_order=desc HTTP/1.1" 200 51933 "-" "Mozilla/5.0 (compatible; Googlebot/2.1; +http://www.google.com/bot.html)" >dev.invisionboard.fr
66.249.71.46 - - [13/Sep/2012:20:10:29 +0200] "GET /issues?page=1&sort=updated_on%3Adesc%2Ctracker%2Csubject&sort_key=priority&sort_order=desc HTTP/1.1" 200 51946 "-" "Mozilla/5.0 (compatible; Googlebot/2.1; +http://www.google.com/bot.html)" >youp3.invisionboard.fr
66.249.71.138 - - [13/Sep/2012:20:10:48 +0200] "GET /post/2007/11/26/KDE-4 HTTP/1.1" 200 21694 "-" "Mozilla/5.0 (compatible; Googlebot/2.1; +http://www.google.com/bot.html)" >youp3.invisionboard.fr
66.249.71.138 - - [13/Sep/2012:20:14:10 +0200] "GET /feed/tag/Traduction/rss2/comments HTTP/1.1" 200 2279 "-" "Mozilla/5.0 (compatible; Googlebot/2.1; +http://www.google.com/bot.html)" >dev.invisionboard.fr
123.125.71.113 - - [13/Sep/2012:20:18:20 +0200] "HEAD /issues/54.pdf HTTP/1.1" 200 - "-" "Baiduspider+(+http://www.baidu.com/search/spider.htm)" >dev.invisionboard.fr
123.125.71.69 - - [13/Sep/2012:20:18:21 +0200] "GET /issues/54.pdf HTTP/1.1" 200 315523 "-" "Baiduspider+(+http://www.baidu.com/search/spider.htm)" >dev.invisionboard.fr
66.249.71.46 - - [13/Sep/2012:20:19:26 +0200] "GET /issues?page=1&sort=updated_on%3Adesc%2Cproject%3Adesc%2Csubject%3Adesc&sort_key=subject&sort_order=desc HTTP/1.1" 200 52118 "-" "Mozilla/5.0 (compatible; Googlebot/2.1; +http://www.google.com/bot.html)" >dev.invisionboard.fr
66.249.71.46 - - [13/Sep/2012:20:19:27 +0200] "GET /issues?page=1&sort=updated_on%2Cproject%2Cid%3Adesc&sort_key=priority&sort_order=desc HTTP/1.1" 200 52025 "-" "Mozilla/5.0 (compatible; Googlebot/2.1; +http://www.google.com/bot.html)" >dev.invisionboard.fr
66.249.71.46 - - [13/Sep/2012:20:20:30 +0200] "GET /issues/95 HTTP/1.1" 200 8604 "-" "Mozilla/5.0 (compatible; Googlebot/2.1; +http://www.google.com/bot.html)" >dev.invisionboard.fr
66.249.71.46 - - [13/Sep/2012:20:21:04 +0200] "GET /issues?page=1&sort=updated_on%2Cpriority%3Adesc%2Ctracker&sort_key=priority&sort_order=desc HTTP/1.1" 200 52131 "-" "Mozilla/5.0 (compatible; Googlebot/2.1; +http://www.google.com/bot.html)" >youp3.invisionboard.fr
66.249.71.138 - - [13/Sep/2012:20:21:05 +0200] "GET /post/2008/08/27/Mandriva-2009-%3A-une-surprise-concernant-des-designs HTTP/1.1" 200 17417 "-" "Mozilla/5.0 (compatible; Googlebot/2.1; +http://www.google.com/bot.html)" >youp3.invisionboard.fr
199.15.234.135 - - [13/Sep/2012:20:21:18 +0200] "GET /category/FT/page/8 HTTP/1.0" 200 19858 "http://youp3.invisionboard.fr/category/FT/page/8" "Mozilla/5.0 (Windows NT 6.0) AppleWebKit/536.5 (KHTML, like Gecko) Chrome/19.0.1084.52 Safari/536.5" >youp3.invisionboard.fr
199.15.234.135 - - [13/Sep/2012:20:21:19 +0200] "GET / HTTP/1.0" 200 21999 "http://youp3.invisionboard.fr/" "Mozilla/5.0 (Windows NT 6.0) AppleWebKit/536.5 (KHTML, like Gecko) Chrome/19.0.1084.52 Safari/536.5" >youp3.invisionboard.fr
199.15.234.135 - - [13/Sep/2012:20:21:20 +0200] "GET /archive HTTP/1.0" 200 20425 "http://youp3.invisionboard.fr/archive" "Mozilla/5.0 (Windows NT 6.0) AppleWebKit/536.5 (KHTML, like Gecko) Chrome/19.0.1084.52 Safari/536.5" >youp3.invisionboard.fr
199.15.234.135 - - [13/Sep/2012:20:21:21 +0200] "GET /archive/2012/08 HTTP/1.0" 200 11923 "http://youp3.invisionboard.fr/archive/2012/08" "Mozilla/5.0 (Windows NT 6.0) AppleWebKit/536.5 (KHTML, like Gecko) Chrome/19.0.1084.52 Safari/536.5" >youp3.invisionboard.fr
199.15.234.135 - - [13/Sep/2012:20:21:22 +0200] "GET /archive/2012/07 HTTP/1.0" 200 12928 "http://youp3.invisionboard.fr/archive/2012/07" "Mozilla/5.0 (Windows NT 6.0) AppleWebKit/536.5 (KHTML, like Gecko) Chrome/19.0.1084.52 Safari/536.5" >youp3.invisionboard.fr
199.15.234.135 - - [13/Sep/2012:20:21:23 +0200] "GET /archive/2012/02 HTTP/1.0" 200 11617 "http://youp3.invisionboard.fr/archive/2012/02" "Mozilla/5.0 (Windows NT 6.0) AppleWebKit/536.5 (KHTML, like Gecko) Chrome/19.0.1084.52 Safari/536.5" >youp3.invisionboard.fr
199.15.234.135 - - [13/Sep/2012:20:21:23 +0200] "GET /archive/2011/02 HTTP/1.0" 200 12099 "http://youp3.invisionboard.fr/archive/2011/02" "Mozilla/5.0 (Windows NT 6.0) AppleWebKit/536.5 (KHTML, like Gecko) Chrome/19.0.1084.52 Safari/536.5" >youp3.invisionboard.fr
199.15.234.135 - - [13/Sep/2012:20:21:24 +0200] "GET /archive/2010/07 HTTP/1.0" 200 12717 "http://youp3.invisionboard.fr/archive/2010/07" "Mozilla/5.0 (Windows NT 6.0) AppleWebKit/536.5 (KHTML, like Gecko) Chrome/19.0.1084.52 Safari/536.5" >youp3.invisionboard.fr
199.15.234.135 - - [13/Sep/2012:20:21:25 +0200] "GET /archive/2010/02 HTTP/1.0" 200 13969 "http://youp3.invisionboard.fr/archive/2010/02" "Mozilla/5.0 (Windows NT 6.0) AppleWebKit/536.5 (KHTML, like Gecko) Chrome/19.0.1084.52 Safari/536.5" >youp3.invisionboard.fr
199.15.234.135 - - [13/Sep/2012:20:21:26 +0200] "GET /archive/2010/01 HTTP/1.0" 200 12246 "http://youp3.invisionboard.fr/archive/2010/01" "Mozilla/5.0 (Windows NT 6.0) AppleWebKit/536.5 (KHTML, like Gecko) Chrome/19.0.1084.52 Safari/536.5" >youp3.invisionboard.fr
66.249.71.138 - - [13/Sep/2012:20:23:27 +0200] "GET /feed/atom/comments/167 HTTP/1.1" 200 668 "-" "Mozilla/5.0 (compatible; Googlebot/2.1; +http://www.google.com/bot.html)" >youp3.invisionboard.fr
220.181.108.100 - - [13/Sep/2012:20:23:54 +0200] "GET /archive HTTP/1.1" 200 20425 "-" "Mozilla/5.0 (compatible; Baiduspider/2.0; +http://www.baidu.com/search/spider.html)" >dev.invisionboard.fr
220.181.108.89 - - [13/Sep/2012:20:25:17 +0200] "GET /projects/1/wiki/Configuration/history?per_page=100 HTTP/1.1" 200 8879 "-" "Mozilla/5.0 (compatible; Baiduspider/2.0; +http://www.baidu.com/search/spider.html)" >e2t.invisionboard.fr
66.249.71.187 - - [13/Sep/2012:20:25:39 +0200] "GET /timeline?from=2007-04-11&daysback=30&authors= HTTP/1.1" 200 16553 "-" "Mozilla/5.0 (compatible; Googlebot/2.1; +http://www.google.com/bot.html)" >dev.invisionboard.fr
81.244.205.22 - - [13/Sep/2012:20:26:45 +0200] "GET / HTTP/1.1" 200 5109 "-" "Mozilla/5.0 (iPad; CPU OS 5_1_1 like Mac OS X) AppleWebKit/534.46 (KHTML, like Gecko) Version/5.1 Mobile/9B206 Safari/7534.48.3" >dev.invisionboard.fr
81.244.205.22 - - [13/Sep/2012:20:26:46 +0200] "GET /stylesheets/application.css?1334391667 HTTP/1.1" 200 38992 "http://dev.invisionboard.fr/" "Mozilla/5.0 (iPad; CPU OS 5_1_1 like Mac OS X) AppleWebKit/534.46 (KHTML, like Gecko) Version/5.1 Mobile/9B206 Safari/7534.48.3" >dev.invisionboard.fr
81.244.205.22 - - [13/Sep/2012:20:26:46 +0200] "GET /stylesheets/scm.css?1334391667 HTTP/1.1" 200 6803 "http://dev.invisionboard.fr/" "Mozilla/5.0 (iPad; CPU OS 5_1_1 like Mac OS X) AppleWebKit/534.46 (KHTML, like Gecko) Version/5.1 Mobile/9B206 Safari/7534.48.3" >dev.invisionboard.fr
81.244.205.22 - - [13/Sep/2012:20:26:46 +0200] "GET /javascripts/effects.js?1334391667 HTTP/1.1" 200 38675 "http://dev.invisionboard.fr/" "Mozilla/5.0 (iPad; CPU OS 5_1_1 like Mac OS X) AppleWebKit/534.46 (KHTML, like Gecko) Version/5.1 Mobile/9B206 Safari/7534.48.3" >dev.invisionboard.fr
81.244.205.22 - - [13/Sep/2012:20:26:46 +0200] "GET /javascripts/dragdrop.js?1334391667 HTTP/1.1" 200 31103 "http://dev.invisionboard.fr/" "Mozilla/5.0 (iPad; CPU OS 5_1_1 like Mac OS X) AppleWebKit/534.46 (KHTML, like Gecko) Version/5.1 Mobile/9B206 Safari/7534.48.3" >dev.invisionboard.fr
81.244.205.22 - - [13/Sep/2012:20:26:46 +0200] "GET /javascripts/controls.js?1334391667 HTTP/1.1" 200 34716 "http://dev.invisionboard.fr/" "Mozilla/5.0 (iPad; CPU OS 5_1_1 like Mac OS X) AppleWebKit/534.46 (KHTML, like Gecko) Version/5.1 Mobile/9B206 Safari/7534.48.3" >dev.invisionboard.fr
81.244.205.22 - - [13/Sep/2012:20:26:46 +0200] "GET /javascripts/application.js?1334391667 HTTP/1.1" 200 11075 "http://dev.invisionboard.fr/" "Mozilla/5.0 (iPad; CPU OS 5_1_1 like Mac OS X) AppleWebKit/534.46 (KHTML, like Gecko) Version/5.1 Mobile/9B206 Safari/7534.48.3" >dev.invisionboard.fr
81.244.205.22 - - [13/Sep/2012:20:26:46 +0200] "GET /javascripts/prototype.js?1334391667 HTTP/1.1" 200 165673 "http://dev.invisionboard.fr/" "Mozilla/5.0 (iPad; CPU OS 5_1_1 like Mac OS X) AppleWebKit/534.46 (KHTML, like Gecko) Version/5.1 Mobile/9B206 Safari/7534.48.3" >dev.invisionboard.fr
81.244.205.22 - - [13/Sep/2012:20:26:49 +0200] "GET /images/projects.png HTTP/1.1" 200 775 "http://dev.invisionboard.fr/" "Mozilla/5.0 (iPad; CPU OS 5_1_1 like Mac OS X) AppleWebKit/534.46 (KHTML, like Gecko) Version/5.1 Mobile/9B206 Safari/7534.48.3" >dev.invisionboard.fr
81.244.205.22 - - [13/Sep/2012:20:26:52 +0200] "GET /login HTTP/1.1" 200 4095 "http://dev.invisionboard.fr/" "Mozilla/5.0 (iPad; CPU OS 5_1_1 like Mac OS X) AppleWebKit/534.46 (KHTML, like Gecko) Version/5.1 Mobile/9B206 Safari/7534.48.3" >dev.invisionboard.fr
81.244.205.22 - - [13/Sep/2012:20:27:10 +0200] "POST /login HTTP/1.1" 302 94 "http://dev.invisionboard.fr/login" "Mozilla/5.0 (iPad; CPU OS 5_1_1 like Mac OS X) AppleWebKit/534.46 (KHTML, like Gecko) Version/5.1 Mobile/9B206 Safari/7534.48.3" >youp3.invisionboard.fr
83.193.194.71 - - [13/Sep/2012:20:27:10 +0200] "GET /post/2012/02/23/Mise-%C3%A0-jour-du-TomTom-Go-930 HTTP/1.1" 200 23603 "http://www.google.fr/url?sa=t&rct=j&q=tomtom%20go%20930&source=web&cd=17&cad=rja&sqi=2&ved=0CI4BEBYwEA&url=http%3A%2F%2Fyoup3.invisionboard.fr%2Fpost%2F2012%2F02%2F23%2FMise-%25C3%25A0-jour-du-TomTom-Go-930&ei=MSVSUM2GEIix0QX3xIG4Bg&usg=AFQjCNFMKt_LW2IyAMNf4bXqqt131syuQw" "Mozilla/5.0 (compatible; MSIE 9.0; Windows NT 6.0; Trident/5.0)" >youp3.invisionboard.fr
83.193.194.71 - - [13/Sep/2012:20:27:10 +0200] "GET /themes/youp2/style.css HTTP/1.1" 200 9486 "http://youp3.invisionboard.fr/post/2012/02/23/Mise-%C3%A0-jour-du-TomTom-Go-930" "Mozilla/5.0 (compatible; MSIE 9.0; Windows NT 6.0; Trident/5.0)" >youp3.invisionboard.fr
83.193.194.71 - - [13/Sep/2012:20:27:11 +0200] "GET /themes/default/js/jquery.cookie.js HTTP/1.1" 200 994 "http://youp3.invisionboard.fr/post/2012/02/23/Mise-%C3%A0-jour-du-TomTom-Go-930" "Mozilla/5.0 (compatible; MSIE 9.0; Windows NT 6.0; Trident/5.0)" >youp3.invisionboard.fr
83.193.194.71 - - [13/Sep/2012:20:27:11 +0200] "GET /?pf=atReply/js/atReplyThread.js HTTP/1.1" 200 6055 "http://youp3.invisionboard.fr/post/2012/02/23/Mise-%C3%A0-jour-du-TomTom-Go-930" "Mozilla/5.0 (compatible; MSIE 9.0; Windows NT 6.0; Trident/5.0)" >youp3.invisionboard.fr
83.193.194.71 - - [13/Sep/2012:20:27:11 +0200] "GET /themes/default/print.css HTTP/1.1" 200 1002 "http://youp3.invisionboard.fr/post/2012/02/23/Mise-%C3%A0-jour-du-TomTom-Go-930" "Mozilla/5.0 (compatible; MSIE 9.0; Windows NT 6.0; Trident/5.0)" >youp3.invisionboard.fr
83.193.194.71 - - [13/Sep/2012:20:27:11 +0200] "GET /?pf=atReply/js/atReply.js HTTP/1.1" 200 1675 "http://youp3.invisionboard.fr/post/2012/02/23/Mise-%C3%A0-jour-du-TomTom-Go-930" "Mozilla/5.0 (compatible; MSIE 9.0; Windows NT 6.0; Trident/5.0)" >youp3.invisionboard.fr
83.193.194.71 - - [13/Sep/2012:20:27:11 +0200] "GET /?pf=doTwit/css/dotwit.css HTTP/1.1" 200 2282 "http://youp3.invisionboard.fr/post/2012/02/23/Mise-%C3%A0-jour-du-TomTom-Go-930" "Mozilla/5.0 (compatible; MSIE 9.0; Windows NT 6.0; Trident/5.0)" >youp3.invisionboard.fr
83.193.194.71 - - [13/Sep/2012:20:27:11 +0200] "GET /?pf=lightbox/css/modal.css HTTP/1.1" 200 753 "http://youp3.invisionboard.fr/post/2012/02/23/Mise-%C3%A0-jour-du-TomTom-Go-930" "Mozilla/5.0 (compatible; MSIE 9.0; Windows NT 6.0; Trident/5.0)" >youp3.invisionboard.fr
83.193.194.71 - - [13/Sep/2012:20:27:11 +0200] "GET /?pf=lightbox/js/modal.js HTTP/1.1" 200 9299 "http://youp3.invisionboard.fr/post/2012/02/23/Mise-%C3%A0-jour-du-TomTom-Go-930" "Mozilla/5.0 (compatible; MSIE 9.0; Windows NT 6.0; Trident/5.0)" >youp3.invisionboard.fr
83.193.194.71 - - [13/Sep/2012:20:27:11 +0200] "GET /themes/default/js/post.js HTTP/1.1" 200 1258 "http://youp3.invisionboard.fr/post/2012/02/23/Mise-%C3%A0-jour-du-TomTom-Go-930" "Mozilla/5.0 (compatible; MSIE 9.0; Windows NT 6.0; Trident/5.0)" >youp3.invisionboard.fr
83.193.194.71 - - [13/Sep/2012:20:27:11 +0200] "GET /themes/youp2/smilies/angry.png HTTP/1.1" 200 650 "http://youp3.invisionboard.fr/post/2012/02/23/Mise-%C3%A0-jour-du-TomTom-Go-930" "Mozilla/5.0 (compatible; MSIE 9.0; Windows NT 6.0; Trident/5.0)" >youp3.invisionboard.fr
83.193.194.71 - - [13/Sep/2012:20:27:11 +0200] "GET /themes/youp2/dotwit.css HTTP/1.1" 404 10522 "http://youp3.invisionboard.fr/post/2012/02/23/Mise-%C3%A0-jour-du-TomTom-Go-930" "Mozilla/5.0 (compatible; MSIE 9.0; Windows NT 6.0; Trident/5.0)" >dev.invisionboard.fr
81.244.205.22 - - [13/Sep/2012:20:27:10 +0200] "GET / HTTP/1.1" 200 5587 "http://dev.invisionboard.fr/login" "Mozilla/5.0 (iPad; CPU OS 5_1_1 like Mac OS X) AppleWebKit/534.46 (KHTML, like Gecko) Version/5.1 Mobile/9B206 Safari/7534.48.3" >youp3.invisionboard.fr
83.193.194.71 - - [13/Sep/2012:20:27:11 +0200] "GET /themes/default/js/jquery.js HTTP/1.1" 200 100207 "http://youp3.invisionboard.fr/post/2012/02/23/Mise-%C3%A0-jour-du-TomTom-Go-930" "Mozilla/5.0 (compatible; MSIE 9.0; Windows NT 6.0; Trident/5.0)" >youp3.invisionboard.fr
83.193.194.71 - - [13/Sep/2012:20:27:11 +0200] "GET /themes/youp2/smilies/confused.png HTTP/1.1" 200 522 "http://youp3.invisionboard.fr/post/2012/02/23/Mise-%C3%A0-jour-du-TomTom-Go-930" "Mozilla/5.0 (compatible; MSIE 9.0; Windows NT 6.0; Trident/5.0)" >youp3.invisionboard.fr
83.193.194.71 - - [13/Sep/2012:20:27:11 +0200] "GET /themes/youp2/smilies/smile.png HTTP/1.1" 200 555 "http://youp3.invisionboard.fr/post/2012/02/23/Mise-%C3%A0-jour-du-TomTom-Go-930" "Mozilla/5.0 (compatible; MSIE 9.0; Windows NT 6.0; Trident/5.0)" >youp3.invisionboard.fr
83.193.194.71 - - [13/Sep/2012:20:27:11 +0200] "GET /themes/youp2/smilies/wink.png HTTP/1.1" 200 546 "http://youp3.invisionboard.fr/post/2012/02/23/Mise-%C3%A0-jour-du-TomTom-Go-930" "Mozilla/5.0 (compatible; MSIE 9.0; Windows NT 6.0; Trident/5.0)" >youp3.invisionboard.fr
