83.193.194.71 - - [13/Sep/2012:20:27:11 +0200] "GET /themes/youp2/smilies/normal.png HTTP/1.1" 200 522 "http://youp3.invisionboard.fr/post/2012/02/23/Mise-%C3%A0-jour-du-TomTom-Go-930" "Mozilla/5.0 (compatible; MSIE 9.0; Windows NT 6.0; Trident/5.0)" >youp3.invisionboard.fr
83.193.194.71 - - [13/Sep/2012:20:27:12 +0200] "GET /themes/youp2/smilies/laugh.png HTTP/1.1" 200 590 "http://youp3.invisionboard.fr/post/2012/02/23/Mise-%C3%A0-jour-du-TomTom-Go-930" "Mozilla/5.0 (compatible; MSIE 9.0; Windows NT 6.0; Trident/5.0)" >youp3.invisionboard.fr
83.193.194.71 - - [13/Sep/2012:20:27:12 +0200] "GET /themes/youp2/smilies/sad.png HTTP/1.1" 200 590 "http://youp3.invisionboard.fr/post/2012/02/23/Mise-%C3%A0-jour-du-TomTom-Go-930" "Mozilla/5.0 (compatible; MSIE 9.0; Windows NT 6.0; Trident/5.0)" >youp3.invisionboard.fr
83.193.194.71 - - [13/Sep/2012:20:27:12 +0200] "GET /themes/youp2/smilies/cool.png HTTP/1.1" 200 624 "http://youp3.invisionboard.fr/post/2012/02/23/Mise-%C3%A0-jour-du-TomTom-Go-930" "Mozilla/5.0 (compatible; MSIE 9.0; Windows NT 6.0; Trident/5.0)" >youp3.invisionboard.fr
83.193.194.71 - - [13/Sep/2012:20:27:12 +0200] "GET /themes/youp2/smilies/surprised.png HTTP/1.1" 200 637 "http://youp3.invisionboard.fr/post/2012/02/23/Mise-%C3%A0-jour-du-TomTom-Go-930" "Mozilla/5.0 (compatible; MSIE 9.0; Windows NT 6.0; Trident/5.0)" >youp3.invisionboard.fr
83.193.194.71 - - [13/Sep/2012:20:27:12 +0200] "GET /themes/youp2/smilies/lol.png HTTP/1.1" 200 567 "http://youp3.invisionboard.fr/post/2012/02/23/Mise-%C3%A0-jour-du-TomTom-Go-930" "Mozilla/5.0 (compatible; MSIE 9.0; Windows NT 6.0; Trident/5.0)" >youp3.invisionboard.fr
83.193.194.71 - - [13/Sep/2012:20:27:12 +0200] "GET /themes/youp2/smilies/cry.png HTTP/1.1" 200 700 "http://youp3.invisionboard.fr/post/2012/02/23/Mise-%C3%A0-jour-du-TomTom-Go-930" "Mozilla/5.0 (compatible; MSIE 9.0; Windows NT 6.0; Trident/5.0)" >youp3.invisionboard.fr
83.193.194.71 - - [13/Sep/2012:20:27:12 +0200] "GET /themes/youp2/smilies/eek.png HTTP/1.1" 200 565 "http://youp3.invisionboard.fr/post/2012/02/23/Mise-%C3%A0-jour-du-TomTom-Go-930" "Mozilla/5.0 (compatible; MSIE 9.0; Windows NT 6.0; Trident/5.0)" >youp3.invisionboard.fr
83.193.194.71 - - [13/Sep/2012:20:27:12 +0200] "GET /themes/youp2/smilies/rolleyes.png HTTP/1.1" 200 595 "http://youp3.invisionboard.fr/post/2012/02/23/Mise-%C3%A0-jour-du-TomTom-Go-930" "Mozilla/5.0 (compatible; MSIE 9.0; Windows NT 6.0; Trident/5.0)" >youp3.invisionboard.fr
83.193.194.71 - - [13/Sep/2012:20:27:12 +0200] "GET /themes/youp2/smilies/93xi.gif HTTP/1.1" 200 1126 "http://youp3.invisionboard.fr/post/2012/02/23/Mise-%C3%A0-jour-du-TomTom-Go-930" "Mozilla/5.0 (compatible; MSIE 9.0; Windows NT 6.0; Trident/5.0)" >youp3.invisionboard.fr
83.193.194.71 - - [13/Sep/2012:20:27:13 +0200] "GET /?pf=smiliesEditor/js/smile.js HTTP/1.1" 200 803 "http://youp3.invisionboard.fr/post/2012/02/23/Mise-%C3%A0-jour-du-TomTom-Go-930" "Mozilla/5.0 (compatible; MSIE 9.0; Windows NT 6.0; Trident/5.0)" >youp3.invisionboard.fr
83.193.194.71 - - [13/Sep/2012:20:27:13 +0200] "GET /themes/youp2/img/body-bg.png HTTP/1.1" 200 211 "http://youp3.invisionboard.fr/post/2012/02/23/Mise-%C3%A0-jour-du-TomTom-Go-930" "Mozilla/5.0 (compatible; MSIE 9.0; Windows NT 6.0; Trident/5.0)" >youp3.invisionboard.fr
83.193.194.71 - - [13/Sep/2012:20:27:13 +0200] "GET /themes/youp2/img/page-bg.png HTTP/1.1" 200 1263 "http://youp3.invisionboard.fr/post/2012/02/23/Mise-%C3%A0-jour-du-TomTom-Go-930" "Mozilla/5.0 (compatible; MSIE 9.0; Windows NT 6.0; Trident/5.0)" >youp3.invisionboard.fr
83.193.194.71 - - [13/Sep/2012:20:27:13 +0200] "GET /themes/youp2/img/comment-b.png HTTP/1.1" 200 175 "http://youp3.invisionboard.fr/post/2012/02/23/Mise-%C3%A0-jour-du-TomTom-Go-930" "Mozilla/5.0 (compatible; MSIE 9.0; Windows NT 6.0; Trident/5.0)" >youp3.invisionboard.fr
83.193.194.71 - - [13/Sep/2012:20:27:13 +0200] "GET /themes/youp2/img/page-t.png HTTP/1.1" 200 25602 "http://youp3.invisionboard.fr/post/2012/02/23/Mise-%C3%A0-jour-du-TomTom-Go-930" "Mozilla/5.0 (compatible; MSIE 9.0; Windows NT 6.0; Trident/5.0)" >youp3.invisionboard.fr
83.193.194.71 - - [13/Sep/2012:20:27:13 +0200] "GET /themes/youp2/img/tag.png HTTP/1.1" 200 381 "http://youp3.invisionboard.fr/post/2012/02/23/Mise-%C3%A0-jour-du-TomTom-Go-930" "Mozilla/5.0 (compatible; MSIE 9.0; Windows NT 6.0; Trident/5.0)" >youp3.invisionboard.fr
83.193.194.71 - - [13/Sep/2012:20:27:13 +0200] "GET /themes/youp2/img/comment-t.png HTTP/1.1" 200 422 "http://youp3.invisionboard.fr/post/2012/02/23/Mise-%C3%A0-jour-du-TomTom-Go-930" "Mozilla/5.0 (compatible; MSIE 9.0; Windows NT 6.0; Trident/5.0)" >youp3.invisionboard.fr
83.193.194.71 - - [13/Sep/2012:20:27:13 +0200] "GET /themes/youp2/img/feed.png HTTP/1.1" 200 2046 "http://youp3.invisionboard.fr/post/2012/02/23/Mise-%C3%A0-jour-du-TomTom-Go-930" "Mozilla/5.0 (compatible; MSIE 9.0; Windows NT 6.0; Trident/5.0)" >youp3.invisionboard.fr
83.193.194.71 - - [13/Sep/2012:20:27:13 +0200] "GET /themes/youp2/img/page-b.png HTTP/1.1" 200 189 "http://youp3.invisionboard.fr/post/2012/02/23/Mise-%C3%A0-jour-du-TomTom-Go-930" "Mozilla/5.0 (compatible; MSIE 9.0; Windows NT 6.0; Trident/5.0)" >youp3.invisionboard.fr
83.193.194.71 - - [13/Sep/2012:20:27:13 +0200] "GET /?pf=atReply/img/reply.png HTTP/1.1" 200 223 "http://youp3.invisionboard.fr/post/2012/02/23/Mise-%C3%A0-jour-du-TomTom-Go-930" "Mozilla/5.0 (compatible; MSIE 9.0; Windows NT 6.0; Trident/5.0)" >youp3.invisionboard.fr
83.193.194.71 - - [13/Sep/2012:20:27:14 +0200] "GET /favicon.ico HTTP/1.1" 404 10522 "-" "Mozilla/5.0 (compatible; MSIE 9.0; Windows NT 6.0; Trident/5.0)" >youp3.invisionboard.fr
83.193.194.71 - - [13/Sep/2012:20:27:15 +0200] "GET /favicon.ico HTTP/1.1" 404 10522 "-" "Mozilla/5.0 (compatible; Google Desktop/5.9.1005.12335; http://desktop.google.com/)" >dev.invisionboard.fr
81.244.205.22 - - [13/Sep/2012:20:27:15 +0200] "GET /projects/traductions HTTP/1.1" 200 4853 "http://dev.invisionboard.fr/" "Mozilla/5.0 (iPad; CPU OS 5_1_1 like Mac OS X) AppleWebKit/534.46 (KHTML, like Gecko) Version/5.1 Mobile/9B206 Safari/7534.48.3" >dev.invisionboard.fr
81.244.205.22 - - [13/Sep/2012:20:27:16 +0200] "GET /images/group.png HTTP/1.1" 200 700 "http://dev.invisionboard.fr/projects/traductions" "Mozilla/5.0 (iPad; CPU OS 5_1_1 like Mac OS X) AppleWebKit/534.46 (KHTML, like Gecko) Version/5.1 Mobile/9B206 Safari/7534.48.3" >dev.invisionboard.fr
81.244.205.22 - - [13/Sep/2012:20:27:18 +0200] "GET /projects/traductions/repository HTTP/1.1" 200 25752 "http://dev.invisionboard.fr/projects/traductions" "Mozilla/5.0 (iPad; CPU OS 5_1_1 like Mac OS X) AppleWebKit/534.46 (KHTML, like Gecko) Version/5.1 Mobile/9B206 Safari/7534.48.3" >dev.invisionboard.fr
81.244.205.22 - - [13/Sep/2012:20:27:20 +0200] "GET /javascripts/repository_navigation.js?1334391667 HTTP/1.1" 200 1041 "http://dev.invisionboard.fr/projects/traductions/repository" "Mozilla/5.0 (iPad; CPU OS 5_1_1 like Mac OS X) AppleWebKit/534.46 (KHTML, like Gecko) Version/5.1 Mobile/9B206 Safari/7534.48.3" >dev.invisionboard.fr
81.244.205.22 - - [13/Sep/2012:20:27:21 +0200] "GET /images/stats.png HTTP/1.1" 200 488 "http://dev.invisionboard.fr/projects/traductions/repository" "Mozilla/5.0 (iPad; CPU OS 5_1_1 like Mac OS X) AppleWebKit/534.46 (KHTML, like Gecko) Version/5.1 Mobile/9B206 Safari/7534.48.3" >dev.invisionboard.fr
81.244.205.22 - - [13/Sep/2012:20:27:21 +0200] "GET /images/bullet_toggle_plus.png HTTP/1.1" 200 217 "http://dev.invisionboard.fr/projects/traductions/repository" "Mozilla/5.0 (iPad; CPU OS 5_1_1 like Mac OS X) AppleWebKit/534.46 (KHTML, like Gecko) Version/5.1 Mobile/9B206 Safari/7534.48.3" >dev.invisionboard.fr
81.244.205.22 - - [13/Sep/2012:20:27:21 +0200] "GET /images/folder.png HTTP/1.1" 200 970 "http://dev.invisionboard.fr/projects/traductions/repository" "Mozilla/5.0 (iPad; CPU OS 5_1_1 like Mac OS X) AppleWebKit/534.46 (KHTML, like Gecko) Version/5.1 Mobile/9B206 Safari/7534.48.3" >dev.invisionboard.fr
81.244.205.22 - - [13/Sep/2012:20:27:21 +0200] "GET /images/feed.png HTTP/1.1" 200 427 "http://dev.invisionboard.fr/projects/traductions/repository" "Mozilla/5.0 (iPad; CPU OS 5_1_1 like Mac OS X) AppleWebKit/534.46 (KHTML, like Gecko) Version/5.1 Mobile/9B206 Safari/7534.48.3" >dev.invisionboard.fr
119.63.196.93 - - [13/Sep/2012:20:27:42 +0200] "GET /issues?page=2&sort_key=priority&sort_order=desc HTTP/1.1" 200 45836 "-" "Mozilla/5.0 (compatible; Baiduspider/2.0; +http://www.baidu.com/search/spider.html)" >dev.invisionboard.fr
81.244.205.22 - - [13/Sep/2012:20:27:46 +0200] "GET /projects/traductions/repository/show/IP.Tracker HTTP/1.1" 200 15466 "http://dev.invisionboard.fr/projects/traductions/repository" "Mozilla/5.0 (iPad; CPU OS 5_1_1 like Mac OS X) AppleWebKit/534.46 (KHTML, like Gecko) Version/5.1 Mobile/9B206 Safari/7534.48.3" >dev.invisionboard.fr
81.244.205.22 - - [13/Sep/2012:20:27:54 +0200] "GET /projects/traductions/repository/show HTTP/1.1" 200 25763 "http://dev.invisionboard.fr/projects/traductions/repository/show/IP.Tracker" "Mozilla/5.0 (iPad; CPU OS 5_1_1 like Mac OS X) AppleWebKit/534.46 (KHTML, like Gecko) Version/5.1 Mobile/9B206 Safari/7534.48.3" >e2t.invisionboard.fr
66.249.71.187 - - [13/Sep/2012:20:28:17 +0200] "GET /timeline?from=2006-06-03&daysback=30&authors= HTTP/1.1" 200 7054 "-" "Mozilla/5.0 (compatible; Googlebot/2.1; +http://www.google.com/bot.html)" >dev.invisionboard.fr
66.249.71.46 - - [13/Sep/2012:20:28:20 +0200] "GET /issues?page=1&sort=updated_on%3Adesc%2Cstatus%2Cid%3Adesc&sort_key=priority&sort_order=desc HTTP/1.1" 200 51952 "-" "Mozilla/5.0 (compatible; Googlebot/2.1; +http://www.google.com/bot.html)" >dev.invisionboard.fr
66.249.71.46 - - [13/Sep/2012:20:28:23 +0200] "GET /issues?page=1&per_page=50&sort=updated_on%3Adesc%2Cproject%2Cstatus&sort_key=priority&sort_order=desc HTTP/1.1" 200 60105 "-" "Mozilla/5.0 (compatible; Googlebot/2.1; +http://www.google.com/bot.html)" >dev.invisionboard.fr
66.249.71.46 - - [13/Sep/2012:20:28:26 +0200] "GET /issues?page=1&sort=updated_on%2Cproject%2Cstatus&sort_key=priority&sort_order=desc HTTP/1.1" 200 51992 "-" "Mozilla/5.0 (compatible; Googlebot/2.1; +http://www.google.com/bot.html)" >youp3.invisionboard.fr
207.34.25.76 - - [13/Sep/2012:20:30:56 +0200] "GET /robots.txt HTTP/1.1" 404 10522 "-" "R6_CommentReader(www.radian6.com/crawler)" >youp3.invisionboard.fr
207.34.25.76 - - [13/Sep/2012:20:30:57 +0200] "GET /feed/rss2 HTTP/1.1" 200 33702 "-" "R6_FeedFetcher(www.radian6.com/crawler)" >youp3.invisionboard.fr
66.249.71.138 - - [13/Sep/2012:20:31:49 +0200] "GET /post/2007/06/19/Extension-Firefox-%3A-Brief HTTP/1.1" 200 18580 "-" "Mozilla/5.0 (compatible; Googlebot/2.1; +http://www.google.com/bot.html)" >dev.invisionboard.fr
184.72.144.237 - - [13/Sep/2012:20:33:26 +0200] "GET /news.atom HTTP/1.1" 200 542 "-" "rogerbot/1.0 (http://www.seomoz.org/dp/rogerbot, rogerbot-crawler@seomoz.org)" >youp3.invisionboard.fr
66.249.71.138 - - [13/Sep/2012:20:34:23 +0200] "GET /feed/atom/comments/69 HTTP/1.1" 200 657 "-" "Mozilla/5.0 (compatible; Googlebot/2.1; +http://www.google.com/bot.html)" >e2t.invisionboard.fr
66.249.71.187 - - [13/Sep/2012:20:37:04 +0200] "GET /timeline?from=2006-12-10&daysback=30&authors= HTTP/1.1" 200 17698 "-" "Mozilla/5.0 (compatible; Googlebot/2.1; +http://www.google.com/bot.html)" >dev.invisionboard.fr
66.249.71.46 - - [13/Sep/2012:20:37:07 +0200] "GET /issues?page=2&sort=updated_on%3Adesc%2Cproject%3Adesc%2Csubject%3Adesc&sort_key=subject&sort_order=desc HTTP/1.1" 200 45951 "-" "Mozilla/5.0 (compatible; Googlebot/2.1; +http://www.google.com/bot.html)" >youp3.invisionboard.fr
180.76.5.169 - - [13/Sep/2012:20:39:04 +0200] "GET /robots.txt HTTP/1.1" 404 10522 "-" "Mozilla/5.0 (compatible; Baiduspider/2.0; +http://www.baidu.com/search/spider.html)" >dev.invisionboard.fr
66.249.71.46 - - [13/Sep/2012:20:40:42 +0200] "GET /issues?page=1&sort=updated_on%3Adesc%2Csubject%2Cpriority&sort_key=priority&sort_order=desc HTTP/1.1" 200 51957 "-" "Mozilla/5.0 (compatible; Googlebot/2.1; +http://www.google.com/bot.html)" >youp3.invisionboard.fr
66.249.71.138 - - [13/Sep/2012:20:42:06 +0200] "GET /post/2009/09/21/Chartres-en-lumi%C3%A8res-2009 HTTP/1.1" 200 17739 "-" "Mozilla/5.0 (compatible; Googlebot/2.1; +http://www.google.com/bot.html)" >dev.invisionboard.fr
66.249.71.46 - - [13/Sep/2012:20:46:31 +0200] "GET /issues?page=1&sort=subject%2Cupdated_on%3Adesc%2Cproject%3Adesc&sort_key=subject&sort_order=desc HTTP/1.1" 200 52008 "-" "Mozilla/5.0 (compatible; Googlebot/2.1; +http://www.google.com/bot.html)" >dev.invisionboard.fr
123.125.71.114 - - [13/Sep/2012:20:47:15 +0200] "HEAD /issues/19.pdf HTTP/1.1" 200 - "-" "Baiduspider+(+http://www.baidu.com/search/spider.htm)" >dev.invisionboard.fr
123.125.71.71 - - [13/Sep/2012:20:47:16 +0200] "GET /issues/19.pdf HTTP/1.1" 200 325383 "-" "Baiduspider+(+http://www.baidu.com/search/spider.htm)" >e2t.invisionboard.fr
66.249.71.187 - - [13/Sep/2012:20:51:32 +0200] "GET /timeline?from=2006-03-18&daysback=30&authors= HTTP/1.1" 200 7054 "-" "Mozilla/5.0 (compatible; Googlebot/2.1; +http://www.google.com/bot.html)" >youp3.invisionboard.fr
131.253.46.112 - - [13/Sep/2012:20:51:52 +0200] "GET /feed/atom/comments/174 HTTP/1.1" 200 676 "-" "Mozilla/5.0 (compatible; bingbot/2.0; +http://www.bing.com/bingbot.htm)" >youp3.invisionboard.fr
131.253.46.112 - - [13/Sep/2012:20:51:52 +0200] "GET /post/2008/09/26/Connexion-de-secours-Free-avec-un-modem-Diva-ADSL-2430-SE HTTP/1.1" 200 17742 "-" "Mozilla/5.0 (compatible; bingbot/2.0; +http://www.bing.com/bingbot.htm)" >youp3.invisionboard.fr
131.253.46.112 - - [13/Sep/2012:20:51:53 +0200] "GET /post/2010/02/11/J-avais-presque-oubli%C3%A9 HTTP/1.1" 404 10522 "-" "Mozilla/5.0 (compatible; bingbot/2.0; +http://www.bing.com/bingbot.htm)" >youp3.invisionboard.fr
131.253.46.112 - - [13/Sep/2012:20:51:53 +0200] "GET /tag/E2T HTTP/1.1" 200 18643 "-" "Mozilla/5.0 (compatible; bingbot/2.0; +http://www.bing.com/bingbot.htm)" >dev.invisionboard.fr
66.249.71.46 - - [13/Sep/2012:20:52:32 +0200] "GET /issues/141 HTTP/1.1" 200 11155 "-" "Mozilla/5.0 (compatible; Googlebot/2.1; +http://www.google.com/bot.html)" >youp3.invisionboard.fr
131.253.46.227 - - [13/Sep/2012:20:53:02 +0200] "GET /post/2009/07/01/IBF-indisponible HTTP/1.1" 200 16567 "-" "Mozilla/5.0 (compatible; bingbot/2.0; +http://www.bing.com/bingbot.htm)" >youp3.invisionboard.fr
131.253.46.227 - - [13/Sep/2012:20:53:02 +0200] "GET /post/2009/12/21/Cohabitation-du-Palm-LifeDrive-et-de-Windows-7 HTTP/1.1" 200 18529 "-" "Mozilla/5.0 (compatible; bingbot/2.0; +http://www.bing.com/bingbot.htm)" >youp3.invisionboard.fr
131.253.46.227 - - [13/Sep/2012:20:53:12 +0200] "GET /post/2010/02/03/D%C3%A9buts-corrects-pour-la-R30 HTTP/1.1" 200 17157 "-" "Mozilla/5.0 (compatible; bingbot/2.0; +http://www.bing.com/bingbot.htm)" >youp3.invisionboard.fr
157.55.32.152 - - [13/Sep/2012:20:53:16 +0200] "GET /category/S%C3%83%C2%A9curit%C3%83%C2%A9 HTTP/1.1" 404 10522 "-" "Mozilla/5.0 (compatible; bingbot/2.0; +http://www.bing.com/bingbot.htm)" >youp3.invisionboard.fr
157.55.32.152 - - [13/Sep/2012:20:53:16 +0200] "GET /post/2009/07/06/Japan-Expo-2009 HTTP/1.1" 200 19393 "-" "Mozilla/5.0 (compatible; bingbot/2.0; +http://www.bing.com/bingbot.htm)" >youp3.invisionboard.fr
131.253.46.237 - - [13/Sep/2012:20:53:42 +0200] "GET /post/2012/08/20/Am%C3%A9liorer-la-s%C3%A9curit%C3%A9-de-son-compte-en-ligne-%3A-validation-en-deux-%C3%A9tapes HTTP/1.1" 200 20651 "-" "Mozilla/5.0 (compatible; bingbot/2.0; +http://www.bing.com/bingbot.htm)" >dev.invisionboard.fr
208.115.113.85 - - [13/Sep/2012:20:53:56 +0200] "GET /robots.txt HTTP/1.1" 200 613 "-" "Mozilla/5.0 (compatible; Ezooms/1.0; ezooms.bot@gmail.com)" >dev.invisionboard.fr
66.249.71.46 - - [13/Sep/2012:20:55:05 +0200] "GET /issues?page=1&sort=updated_on%3Adesc%2Csubject%2Cstatus&sort_key=priority&sort_order=desc HTTP/1.1" 200 51935 "-" "Mozilla/5.0 (compatible; Googlebot/2.1; +http://www.google.com/bot.html)" >youp3.invisionboard.fr
157.55.32.152 - - [13/Sep/2012:20:56:19 +0200] "GET /post/2009/10/23/Mandriva-2010 HTTP/1.1" 200 13274 "-" "Mozilla/5.0 (compatible; bingbot/2.0; +http://www.bing.com/bingbot.htm)" >youp3.invisionboard.fr
157.55.32.152 - - [13/Sep/2012:20:56:19 +0200] "GET /post/2010/02/15/La-semaine-commence-bien HTTP/1.1" 200 16823 "-" "Mozilla/5.0 (compatible; bingbot/2.0; +http://www.bing.com/bingbot.htm)" >youp3.invisionboard.fr
157.55.32.152 - - [13/Sep/2012:20:57:38 +0200] "GET /post/2010/02/16/Encore-un-matin HTTP/1.1" 404 10522 "-" "Mozilla/5.0 (compatible; bingbot/2.0; +http://www.bing.com/bingbot.htm)" >dev.invisionboard.fr
66.249.71.46 - - [13/Sep/2012:20:58:20 +0200] "GET /issues?page=1&sort=updated_on%3Adesc%2Csubject%3Adesc%2Cpriority%3Adesc&sort_key=project&sort_order=asc HTTP/1.1" 200 52112 "-" "Mozilla/5.0 (compatible; Googlebot/2.1; +http://www.google.com/bot.html)" >dev.invisionboard.fr
66.249.71.46 - - [13/Sep/2012:20:58:21 +0200] "GET /issues?page=1&per_page=100&sort=updated_on%3Adesc%2Cproject%2Cstatus&sort_key=priority&sort_order=desc HTTP/1.1" 200 60117 "-" "Mozilla/5.0 (compatible; Googlebot/2.1; +http://www.google.com/bot.html)" >dev.invisionboard.fr
66.249.71.46 - - [13/Sep/2012:21:00:25 +0200] "GET /issues?page=1&sort=tracker%2Cupdated_on%3Adesc%2Csubject&sort_key=priority&sort_order=desc HTTP/1.1" 200 51974 "-" "Mozilla/5.0 (compatible; Googlebot/2.1; +http://www.google.com/bot.html)" >youp3.invisionboard.fr
37.59.81.232 - - [13/Sep/2012:21:01:07 +0200] "GET /feed/rss2 HTTP/1.0" 200 33702 "-" "Mozilla/4.0 (compatible; MSIE 8.0; Windows NT 5.1; Sindup)" >dev.invisionboard.fr
66.249.71.46 - - [13/Sep/2012:21:02:32 +0200] "GET /issues?page=1&per_page=100&sort=updated_on%3Adesc%2Cproject%3Adesc%2Csubject%3Adesc&sort_key=subject&sort_order=desc HTTP/1.1" 200 60272 "-" "Mozilla/5.0 (compatible; Googlebot/2.1; +http://www.google.com/bot.html)" >youp3.invisionboard.fr
66.249.71.138 - - [13/Sep/2012:21:02:57 +0200] "GET /?q=powerpack HTTP/1.1" 200 20481 "-" "Mozilla/5.0 (compatible; Googlebot/2.1; +http://www.google.com/bot.html)" >e2t.invisionboard.fr
66.249.71.187 - - [13/Sep/2012:21:04:32 +0200] "GET /timeline?from=2006-12-21&daysback=30&authors= HTTP/1.1" 200 30631 "-" "Mozilla/5.0 (compatible; Googlebot/2.1; +http://www.google.com/bot.html)" >dev.invisionboard.fr
66.249.71.46 - - [13/Sep/2012:21:05:00 +0200] "GET /issues?page=2&sort=assigned_to%2Csubject%3Adesc%2Cpriority HTTP/1.1" 200 45215 "-" "Mozilla/5.0 (compatible; Googlebot/2.1; +http://www.google.com/bot.html)" >youp3.invisionboard.fr
91.198.129.12 - - [13/Sep/2012:21:05:26 +0200] "POST /?-dallow_url_include%3don+-dauto_prepend_file%3dphp://input HTTP/1.1" 200 21999 "-" "Mozilla/4.0 (compatible; MSIE 7.0; Windows NT 5.1; .NET CLR 1.0.3705; .NET CLR 1.1.4322; Media Center PC 4.0)" >e2t.invisionboard.fr
66.249.71.187 - - [13/Sep/2012:21:07:03 +0200] "GET /diff?new_path=/&old_path=/&new_rev=&old_rev= HTTP/1.1" 200 5296 "-" "Mozilla/5.0 (compatible; Googlebot/2.1; +http://www.google.com/bot.html)" >dev.invisionboard.fr
66.249.71.46 - - [13/Sep/2012:21:07:25 +0200] "GET /issues?page=1&sort=updated_on%3Adesc%2Ctracker%2Cassigned_to&sort_key=project&sort_order=asc HTTP/1.1" 200 51956 "-" "Mozilla/5.0 (compatible; Googlebot/2.1; +http://www.google.com/bot.html)" >e2t.invisionboard.fr
66.249.71.187 - - [13/Sep/2012:21:07:28 +0200] "GET /log/irc HTTP/1.1" 200 10038 "-" "Mozilla/5.0 (compatible; Googlebot/2.1; +http://www.google.com/bot.html)" >youp3.invisionboard.fr
66.249.71.138 - - [13/Sep/2012:21:08:27 +0200] "GET /post/2010/01/18/Surprise-en-pr%C3%A9paration HTTP/1.1" 200 17522 "-" "Mozilla/5.0 (compatible; Googlebot/2.1; +http://www.google.com/bot.html)" >youp3.invisionboard.fr
74.125.181.24 - - [13/Sep/2012:21:09:38 +0200] "GET /favicon.ico HTTP/1.1" 404 10522 "-" "-" >youp3.invisionboard.fr
119.63.196.28 - - [13/Sep/2012:21:11:03 +0200] "GET /tag/Mozilla HTTP/1.1" 200 20482 "-" "Mozilla/5.0 (compatible; Baiduspider/2.0; +http://www.baidu.com/search/spider.html)" >dev.invisionboard.fr
66.249.71.46 - - [13/Sep/2012:21:11:29 +0200] "GET /projects/e2t/activity?from=2007-06-07 HTTP/1.1" 200 8951 "-" "Mozilla/5.0 (compatible; Googlebot/2.1; +http://www.google.com/bot.html)" >dev.invisionboard.fr
66.249.71.46 - - [13/Sep/2012:21:12:23 +0200] "GET /projects/e2t/activity?from=2006-11-16 HTTP/1.1" 200 21342 "-" "Mozilla/5.0 (compatible; Googlebot/2.1; +http://www.google.com/bot.html)" >dev.invisionboard.fr
66.249.71.46 - - [13/Sep/2012:21:15:54 +0200] "GET /projects/e2t/activity?from=2007-06-02 HTTP/1.1" 200 6650 "-" "Mozilla/5.0 (compatible; Googlebot/2.1; +http://www.google.com/bot.html)" >dev.invisionboard.fr
123.125.71.83 - - [13/Sep/2012:21:15:54 +0200] "HEAD /issues/184.pdf HTTP/1.1" 200 - "-" "Baiduspider+(+http://www.baidu.com/search/spider.htm)" >dev.invisionboard.fr
123.125.71.99 - - [13/Sep/2012:21:16:12 +0200] "GET /issues/184.pdf HTTP/1.1" 200 315783 "-" "Baiduspider+(+http://www.baidu.com/search/spider.htm)" >dev.invisionboard.fr
66.249.71.46 - - [13/Sep/2012:21:18:24 +0200] "GET /projects/e2t/wiki/D%C3%A9sinstallation/diff/6 HTTP/1.1" 200 5788 "-" "Mozilla/5.0 (compatible; Googlebot/2.1; +http://www.google.com/bot.html)" >dev.invisionboard.fr
66.249.71.46 - - [13/Sep/2012:21:18:25 +0200] "GET /issues?page=1&sort=updated_on%3Adesc%2Ctracker%2Cstatus&sort_key=priority&sort_order=desc HTTP/1.1" 200 51935 "-" "Mozilla/5.0 (compatible; Googlebot/2.1; +http://www.google.com/bot.html)" >dev.invisionboard.fr
66.249.71.46 - - [13/Sep/2012:21:18:26 +0200] "GET /issues?page=1&per_page=50&sort=updated_on%3Adesc%2Csubject%2Cpriority&sort_key=priority&sort_order=desc HTTP/1.1" 200 60123 "-" "Mozilla/5.0 (compatible; Googlebot/2.1; +http://www.google.com/bot.html)" >e2t.invisionboard.fr
66.249.71.187 - - [13/Sep/2012:21:18:28 +0200] "GET /log/mods HTTP/1.1" 200 142902 "-" "Mozilla/5.0 (compatible; Googlebot/2.1; +http://www.google.com/bot.html)" >e2t.invisionboard.fr
66.249.71.187 - - [13/Sep/2012:21:18:33 +0200] "GET /log/outils HTTP/1.1" 200 30568 "-" "Mozilla/5.0 (compatible; Googlebot/2.1; +http://www.google.com/bot.html)" >e2t.invisionboard.fr
66.249.71.187 - - [13/Sep/2012:21:18:36 +0200] "GET /changeset/731 HTTP/1.1" 200 6938 "-" "Mozilla/5.0 (compatible; Googlebot/2.1; +http://www.google.com/bot.html)" >dev.invisionboard.fr
66.249.71.46 - - [13/Sep/2012:21:21:00 +0200] "GET /issues?page=1&sort=updated_on%2Ctracker%2Cassigned_to&sort_key=project&sort_order=asc HTTP/1.1" 200 52013 "-" "Mozilla/5.0 (compatible; Googlebot/2.1; +http://www.google.com/bot.html)" >youp3.invisionboard.fr
66.249.71.138 - - [13/Sep/2012:21:21:02 +0200] "GET /post/2006/09/09/3-mandriva-one-kde-2007-rc-1-bureau-3d HTTP/1.1" 200 22112 "-" "Mozilla/5.0 (compatible; Googlebot/2.1; +http://www.google.com/bot.html)" >e2t.invisionboard.fr
66.249.71.187 - - [13/Sep/2012:21:22:21 +0200] "GET /changeset/368 HTTP/1.1" 200 7069 "-" "Mozilla/5.0 (compatible; Googlebot/2.1; +http://www.google.com/bot.html)" >dev.invisionboard.fr
91.201.64.24 - - [13/Sep/2012:21:22:43 +0200] "GET /projects/irc/issues?set_filter=1&sort=priority%3Adesc%2Cid%3Adesc&tracker_id=1 HTTP/1.1" 200 35981 "-" "Mozilla/5.0 (X11; U; Linux i686; pl; rv:1.8.0.7) Gecko/20060914 Firefox/1.5.0.7 (Swiftfox)" >youp3.invisionboard.fr
66.249.71.138 - - [13/Sep/2012:21:23:47 +0200] "GET /post/2009/12/22/Lightning-1.0-beta1-RC1 HTTP/1.1" 200 17340 "-" "Mozilla/5.0 (compatible; Googlebot/2.1; +http://www.google.com/bot.html)" >youp3.invisionboard.fr
157.55.32.109 - - [13/Sep/2012:21:24:39 +0200] "GET /feed/tag/Mozilla/rss2/comments HTTP/1.1" 200 11273 "-" "Mozilla/5.0 (compatible; bingbot/2.0; +http://www.bing.com/bingbot.htm)" >youp3.invisionboard.fr
157.55.32.109 - - [13/Sep/2012:21:24:39 +0200] "GET /category/Invision HTTP/1.1" 200 18206 "-" "Mozilla/5.0 (compatible; bingbot/2.0; +http://www.bing.com/bingbot.htm)" >youp3.invisionboard.fr
157.55.32.109 - - [13/Sep/2012:21:24:40 +0200] "GET /post/2006/09/16/4-mandriva-one-kde-2007-rc1-installation HTTP/1.1" 200 18159 "-" "Mozilla/5.0 (compatible; bingbot/2.0; +http://www.bing.com/bingbot.htm)" >youp3.invisionboard.fr
157.55.32.109 - - [13/Sep/2012:21:24:40 +0200] "GET /post/2008/10/08/Mandriva-2009 HTTP/1.1" 200 21976 "-" "Mozilla/5.0 (compatible; bingbot/2.0; +http://www.bing.com/bingbot.htm)" >youp3.invisionboard.fr
157.55.32.109 - - [13/Sep/2012:21:24:41 +0200] "GET /post/2009/06/13/Windows-7-sans-Internet-Explorer HTTP/1.1" 200 22975 "-" "Mozilla/5.0 (compatible; bingbot/2.0; +http://www.bing.com/bingbot.htm)" >youp3.invisionboard.fr
157.55.32.109 - - [13/Sep/2012:21:24:41 +0200] "GET /post/2009/12/22/Lightning-1.0-beta1-RC1 HTTP/1.1" 200 17340 "-" "Mozilla/5.0 (compatible; bingbot/2.0; +http://www.bing.com/bingbot.htm)" >youp3.invisionboard.fr
157.55.32.109 - - [13/Sep/2012:21:24:42 +0200] "GET /post/2010/07/28/Contr%C3%B4l%C3%A9-%C3%A0-Massy-Verri%C3%A8re HTTP/1.1" 200 16687 "-" "Mozilla/5.0 (compatible; bingbot/2.0; +http://www.bing.com/bingbot.htm)" >youp3.invisionboard.fr
157.55.32.109 - - [13/Sep/2012:21:24:43 +0200] "GET /tag/Free HTTP/1.1" 200 19693 "-" "Mozilla/5.0 (compatible; bingbot/2.0; +http://www.bing.com/bingbot.htm)" >youp3.invisionboard.fr
157.55.32.109 - - [13/Sep/2012:21:25:43 +0200] "GET /post/2010/02/01/Films-en-3D%2C-la-vraie-r%C3%A9volution HTTP/1.0" 200 18359 "-" "Mozilla/5.0 (compatible; bingbot/2.0; +http://www.bing.com/bingbot.htm)" >dev.invisionboard.fr
66.249.71.46 - - [13/Sep/2012:21:27:27 +0200] "GET /issues?page=1&sort=updated_on%3Adesc%2Ctracker%2Csubject%3Adesc&sort_key=assigned_to&sort_order=desc HTTP/1.1" 200 52074 "-" "Mozilla/5.0 (compatible; Googlebot/2.1; +http://www.google.com/bot.html)" >youp3.invisionboard.fr
65.55.52.111 - - [13/Sep/2012:21:28:39 +0200] "GET /feed/tag/openSUSE/rss2 HTTP/1.1" 200 2848 "-" "Mozilla/5.0 (compatible; bingbot/2.0; +http://www.bing.com/bingbot.htm)" >youp3.invisionboard.fr
65.55.52.111 - - [13/Sep/2012:21:28:39 +0200] "GET /post/2009/05/03/Mandriva-2009.1-Powerpack HTTP/1.1" 200 22564 "-" "Mozilla/5.0 (compatible; bingbot/2.0; +http://www.bing.com/bingbot.htm)" >youp3.invisionboard.fr
65.55.52.111 - - [13/Sep/2012:21:28:40 +0200] "GET /post/2009/09/20/Smooth-Tasks HTTP/1.1" 200 17585 "-" "Mozilla/5.0 (compatible; bingbot/2.0; +http://www.bing.com/bingbot.htm)" >youp3.invisionboard.fr
65.55.52.111 - - [13/Sep/2012:21:28:40 +0200] "GET /post/2009/09/22/Thunderbird-3-beta-4 HTTP/1.1" 200 25551 "-" "Mozilla/5.0 (compatible; bingbot/2.0; +http://www.bing.com/bingbot.htm)" >youp3.invisionboard.fr
65.55.52.111 - - [13/Sep/2012:21:28:41 +0200] "GET /post/2010/01/31/Serveur-mis-%C3%A0-jour-en-Mandriva-2010 HTTP/1.1" 200 18548 "-" "Mozilla/5.0 (compatible; bingbot/2.0; +http://www.bing.com/bingbot.htm)" >youp3.invisionboard.fr
65.55.52.111 - - [13/Sep/2012:21:28:42 +0200] "GET /tag/Bugzilla HTTP/1.1" 200 12440 "-" "Mozilla/5.0 (compatible; bingbot/2.0; +http://www.bing.com/bingbot.htm)" >youp3.invisionboard.fr
65.55.52.111 - - [13/Sep/2012:21:28:42 +0200] "GET /tag/GPS HTTP/1.1" 200 12617 "-" "Mozilla/5.0 (compatible; bingbot/2.0; +http://www.bing.com/bingbot.htm)" >youp3.invisionboard.fr
65.55.52.111 - - [13/Sep/2012:21:28:42 +0200] "GET /tag/Google HTTP/1.1" 200 15318 "-" "Mozilla/5.0 (compatible; bingbot/2.0; +http://www.bing.com/bingbot.htm)" >youp3.invisionboard.fr
65.55.52.111 - - [13/Sep/2012:21:28:43 +0200] "GET /tag/IP.Board HTTP/1.1" 200 19901 "-" "Mozilla/5.0 (compatible; bingbot/2.0; +http://www.bing.com/bingbot.htm)" >youp3.invisionboard.fr
65.55.52.111 - - [13/Sep/2012:21:28:43 +0200] "GET /tag/IP.Tracker HTTP/1.1" 200 12448 "-" "Mozilla/5.0 (compatible; bingbot/2.0; +http://www.bing.com/bingbot.htm)" >dev.invisionboard.fr
66.249.71.46 - - [13/Sep/2012:21:28:46 +0200] "GET /issues/57 HTTP/1.1" 200 8151 "-" "Mozilla/5.0 (compatible; Googlebot/2.1; +http://www.google.com/bot.html)" >dev.invisionboard.fr
66.249.71.46 - - [13/Sep/2012:21:29:04 +0200] "GET /issues?page=1&per_page=50&sort=updated_on%3Adesc%2Ctracker%2Cstatus&sort_key=priority&sort_order=desc HTTP/1.1" 200 60105 "-" "Mozilla/5.0 (compatible; Googlebot/2.1; +http://www.google.com/bot.html)" >e2t.invisionboard.fr
66.249.71.187 - - [13/Sep/2012:21:29:06 +0200] "GET /changeset/729 HTTP/1.1" 200 6751 "-" "Mozilla/5.0 (compatible; Googlebot/2.1; +http://www.google.com/bot.html)" >e2t.invisionboard.fr
66.249.71.187 - - [13/Sep/2012:21:34:09 +0200] "GET /changeset/732 HTTP/1.1" 200 6613 "-" "Mozilla/5.0 (compatible; Googlebot/2.1; +http://www.google.com/bot.html)" >youp3.invisionboard.fr
66.249.71.138 - - [13/Sep/2012:21:34:51 +0200] "GET /post/2007/03/27/Thunderbird-2 HTTP/1.1" 200 22145 "-" "Mozilla/5.0 (compatible; Googlebot/2.1; +http://www.google.com/bot.html)" >youp3.invisionboard.fr
178.255.215.66 - - [13/Sep/2012:21:34:59 +0200] "GET /tag/Firewall HTTP/1.1" 200 13344 "-" "Mozilla/5.0 (compatible; Exabot/3.0; +http://www.exabot.com/go/robot)" >e2t.invisionboard.fr
66.249.71.187 - - [13/Sep/2012:21:36:45 +0200] "GET /changeset/369 HTTP/1.1" 200 6674 "-" "Mozilla/5.0 (compatible; Googlebot/2.1; +http://www.google.com/bot.html)" >dev.invisionboard.fr
119.63.196.94 - - [13/Sep/2012:21:37:01 +0200] "GET /issues?page=2&per_page=50&sort_key=tracker&sort_order=asc HTTP/1.1" 200 60318 "-" "Mozilla/5.0 (compatible; Baiduspider/2.0; +http://www.baidu.com/search/spider.html)" >e2t.invisionboard.fr
66.249.71.187 - - [13/Sep/2012:21:38:51 +0200] "GET /changeset/726 HTTP/1.1" 200 10075 "-" "Mozilla/5.0 (compatible; Googlebot/2.1; +http://www.google.com/bot.html)" >dev.invisionboard.fr
66.249.71.46 - - [13/Sep/2012:21:38:54 +0200] "GET /issues?page=2&sort=updated_on%3Adesc%2Ctracker%2Csubject&sort_key=priority&sort_order=desc HTTP/1.1" 200 45779 "-" "Mozilla/5.0 (compatible; Googlebot/2.1; +http://www.google.com/bot.html)" >dev.invisionboard.fr
66.249.71.46 - - [13/Sep/2012:21:38:58 +0200] "GET /issues?page=1&sort=updated_on%3Adesc%2Ctracker%2Csubject&sort_key=subject&sort_order=desc HTTP/1.1" 200 51929 "-" "Mozilla/5.0 (compatible; Googlebot/2.1; +http://www.google.com/bot.html)" >dev.invisionboard.fr
66.249.71.46 - - [13/Sep/2012:21:39:01 +0200] "GET /issues?page=1&sort=updated_on%2Ctracker%2Csubject%3Adesc&sort_key=assigned_to&sort_order=desc HTTP/1.1" 200 52131 "-" "Mozilla/5.0 (compatible; Googlebot/2.1; +http://www.google.com/bot.html)" >youp3.invisionboard.fr
66.249.71.138 - - [13/Sep/2012:21:41:33 +0200] "GET /page/14 HTTP/1.1" 200 19800 "-" "Mozilla/5.0 (compatible; Googlebot/2.1; +http://www.google.com/bot.html)" >youp3.invisionboard.fr
66.249.71.138 - - [13/Sep/2012:21:41:54 +0200] "GET /public/Mandriva_2007/3D2-mini.png HTTP/1.1" 200 113856 "-" "Mozilla/5.0 (compatible; Googlebot/2.1; +http://www.google.com/bot.html)" >youp3.invisionboard.fr
66.249.71.138 - - [13/Sep/2012:21:41:55 +0200] "GET /public/Mandriva_2007/3D1-mini.png HTTP/1.1" 200 111967 "-" "Mozilla/5.0 (compatible; Googlebot/2.1; +http://www.google.com/bot.html)" >dev.invisionboard.fr
192.168.17.254 - - [13/Sep/2012:21:42:29 +0200] "GET /projects/mods/activity.atom?key=QGB5SLcQxeueBo2G54nToFxoy8sWWYrYBSgOSyXt HTTP/1.1" 304 - "-" "Mozilla/5.0 (Windows NT 6.1; WOW64; rv:15.0) Gecko/20100101 Firefox/15.0.1" >dev.invisionboard.fr
192.168.17.254 - - [13/Sep/2012:21:42:33 +0200] "GET /projects/traductions/activity.atom?key=QGB5SLcQxeueBo2G54nToFxoy8sWWYrYBSgOSyXt HTTP/1.1" 304 - "-" "Mozilla/5.0 (Windows NT 6.1; WOW64; rv:15.0) Gecko/20100101 Firefox/15.0.1" >e2t.invisionboard.fr
178.255.215.66 - - [13/Sep/2012:21:44:32 +0200] "GET /query?component=pack_de_langage&milestone=2.3.1 HTTP/1.1" 200 19071 "-" "Mozilla/5.0 (compatible; Exabot/3.0; +http://www.exabot.com/go/robot)" >dev.invisionboard.fr
123.125.71.79 - - [13/Sep/2012:21:44:52 +0200] "HEAD /issues/18.pdf HTTP/1.1" 200 - "-" "Baiduspider+(+http://www.baidu.com/search/spider.htm)" >dev.invisionboard.fr
123.125.71.78 - - [13/Sep/2012:21:44:54 +0200] "GET /issues/18.pdf HTTP/1.1" 200 324765 "-" "Baiduspider+(+http://www.baidu.com/search/spider.htm)" >dev.invisionboard.fr
66.249.71.46 - - [13/Sep/2012:21:48:11 +0200] "GET /robots.txt HTTP/1.1" 200 613 "-" "Mozilla/5.0 (compatible; Googlebot/2.1; +http://www.google.com/bot.html)" >dev.invisionboard.fr
66.249.71.46 - - [13/Sep/2012:21:48:11 +0200] "GET /issues?page=1&sort=tracker%2Cupdated_on%3Adesc%2Csubject%3Adesc&sort_key=assigned_to&sort_order=desc HTTP/1.1" 200 52102 "-" "Mozilla/5.0 (compatible; Googlebot/2.1; +http://www.google.com/bot.html)" >e2t.invisionboard.fr
66.249.71.187 - - [13/Sep/2012:21:48:12 +0200] "GET /changeset/736 HTTP/1.1" 200 6747 "-" "Mozilla/5.0 (compatible; Googlebot/2.1; +http://www.google.com/bot.html)" >e2t.invisionboard.fr
66.249.71.187 - - [13/Sep/2012:21:48:15 +0200] "GET /changeset/735 HTTP/1.1" 200 6660 "-" "Mozilla/5.0 (compatible; Googlebot/2.1; +http://www.google.com/bot.html)" >dev.invisionboard.fr
66.249.71.46 - - [13/Sep/2012:21:48:18 +0200] "GET /issues?page=1&per_page=100&sort=updated_on%3Adesc%2Ctracker%2Csubject&sort_key=priority&sort_order=desc HTTP/1.1" 200 60126 "-" "Mozilla/5.0 (compatible; Googlebot/2.1; +http://www.google.com/bot.html)" >youp3.invisionboard.fr
66.249.71.138 - - [13/Sep/2012:21:48:53 +0200] "GET /post/2008/06/05/Mefiance-vis-a-vis-des-moteurs-de-recherche HTTP/1.1" 200 16781 "-" "Mozilla/5.0 (compatible; Googlebot/2.1; +http://www.google.com/bot.html)" >dev.invisionboard.fr
66.249.71.46 - - [13/Sep/2012:21:52:18 +0200] "GET /issues?page=1&sort=updated_on%3Adesc%2Ctracker%3Adesc%2Cpriority&sort_key=priority&sort_order=desc HTTP/1.1" 200 52069 "-" "Mozilla/5.0 (compatible; Googlebot/2.1; +http://www.google.com/bot.html)" >e2t.invisionboard.fr
66.249.71.187 - - [13/Sep/2012:21:54:23 +0200] "GET /timeline?from=2007-08-14T00%3A53%3A16%2B02%3A00&precision=second HTTP/1.1" 200 42501 "-" "Mozilla/5.0 (compatible; Googlebot/2.1; +http://www.google.com/bot.html)" >dev.invisionboard.fr
66.249.71.46 - - [13/Sep/2012:21:54:39 +0200] "GET /images/bullet_toggle_plus.png?1334391666 HTTP/1.1" 200 217 "-" "Googlebot-Image/1.0" >youp3.invisionboard.fr
176.195.67.86 - - [13/Sep/2012:21:55:59 +0200] "GET / HTTP/1.0" 200 21999 "http://bruteforex.com" "Mozilla/5.0 (Macintosh; Intel Mac OS X 10_7_4) AppleWebKit/534.57.2 (KHTML, like Gecko) Version/5.1.7 Safari/534.57.2" >youp3.invisionboard.fr
176.195.67.86 - - [13/Sep/2012:21:56:01 +0200] "GET /tag/IP.Board HTTP/1.0" 200 19901 "http://youp3.invisionboard.fr/tag/IP.Board" "Mozilla/5.0 (Macintosh; Intel Mac OS X 10_7_4) AppleWebKit/534.57.2 (KHTML, like Gecko) Version/5.1.7 Safari/534.57.2" >youp3.invisionboard.fr
176.195.67.86 - - [13/Sep/2012:21:56:02 +0200] "GET /post/2007/12/10/Des-news-de-la-communaute-IPBoard HTTP/1.0" 200 18014 "http://youp3.invisionboard.fr/post/2007/12/10/Des-news-de-la-communaute-IPBoard" "Mozilla/5.0 (Macintosh; Intel Mac OS X 10_7_4) AppleWebKit/534.57.2 (KHTML, like Gecko) Version/5.1.7 Safari/534.57.2" >youp3.invisionboard.fr
176.195.67.86 - - [13/Sep/2012:21:56:02 +0200] "POST /post/2007/12/10/Des-news-de-la-communaute-IPBoard HTTP/1.0" 412 36 "http://youp3.invisionboard.fr/post/2007/12/10/Des-news-de-la-communaute-IPBoard" "Mozilla/5.0 (Macintosh; Intel Mac OS X 10_7_4) AppleWebKit/534.57.2 (KHTML, like Gecko) Version/5.1.7 Safari/534.57.2" >youp3.invisionboard.fr
176.195.67.86 - - [13/Sep/2012:21:56:03 +0200] "GET /post/2007/12/10/Des-news-de-la-communaute-IPBoard HTTP/1.0" 200 18014 "http://youp3.invisionboard.fr/post/2007/12/10/Des-news-de-la-communaute-IPBoard" "Mozilla/5.0 (Macintosh; Intel Mac OS X 10_7_4) AppleWebKit/534.57.2 (KHTML, like Gecko) Version/5.1.7 Safari/534.57.2" >youp3.invisionboard.fr
176.195.67.86 - - [13/Sep/2012:21:56:03 +0200] "GET /post/2007/12/10/Des-news-de-la-communaute-IPBoard HTTP/1.0" 200 18014 "http://youp3.invisionboard.fr/post/2007/12/10/Des-news-de-la-communaute-IPBoard" "Mozilla/5.0 (Macintosh; Intel Mac OS X 10_7_4) AppleWebKit/534.57.2 (KHTML, like Gecko) Version/5.1.7 Safari/534.57.2" >e2t.invisionboard.fr
66.249.71.187 - - [13/Sep/2012:21:57:21 +0200] "GET /changeset/730 HTTP/1.1" 200 6800 "-" "Mozilla/5.0 (compatible; Googlebot/2.1; +http://www.google.com/bot.html)" >dev.invisionboard.fr
66.249.71.46 - - [13/Sep/2012:21:57:24 +0200] "GET /issues?page=2&sort=updated_on%3Adesc%2Ctracker%2Csubject&sort_key=subject&sort_order=desc HTTP/1.1" 200 45762 "-" "Mozilla/5.0 (compatible; Googlebot/2.1; +http://www.google.com/bot.html)" >dev.invisionboard.fr
66.249.71.46 - - [13/Sep/2012:21:57:27 +0200] "GET /issues?page=1&sort=tracker%2Cupdated_on%3Adesc%2Csubject&sort_key=subject&sort_order=desc HTTP/1.1" 200 51957 "-" "Mozilla/5.0 (compatible; Googlebot/2.1; +http://www.google.com/bot.html)" >dev.invisionboard.fr
66.249.71.46 - - [13/Sep/2012:21:57:59 +0200] "GET /projects/1/wiki/Version_1xx HTTP/1.1" 200 6391 "-" "Mozilla/5.0 (compatible; Googlebot/2.1; +http://www.google.com/bot.html)" >e2t.invisionboard.fr
66.249.71.187 - - [13/Sep/2012:21:59:27 +0200] "GET /changeset/738 HTTP/1.1" 200 7605 "-" "Mozilla/5.0 (compatible; Googlebot/2.1; +http://www.google.com/bot.html)" >youp3.invisionboard.fr
37.59.81.240 - - [13/Sep/2012:22:01:25 +0200] "GET /feed/rss2 HTTP/1.0" 200 33702 "-" "Mozilla/4.0 (compatible; MSIE 8.0; Windows NT 5.1; Sindup)" >youp3.invisionboard.fr
208.177.72.206 - - [13/Sep/2012:22:04:55 +0200] "GET /category/Sport/ HTTP/1.0" 404 10522 "http://youp3.invisionboard.fr/category/Sport/" "Mozilla/4.0 (compatible; MSIE 8.0; Windows NT 6.1; WOW64; Trident/4.0; SLCC2; .NET CLR 2.0.50727; .NET CLR 3.5.30729; .NET CLR 3.0.30729)" >youp3.invisionboard.fr
208.177.72.206 - - [13/Sep/2012:22:04:56 +0200] "GET / HTTP/1.0" 200 21999 "http://youp3.invisionboard.fr/" "Mozilla/4.0 (compatible; MSIE 8.0; Windows NT 6.1; WOW64; Trident/4.0; SLCC2; .NET CLR 2.0.50727; .NET CLR 3.5.30729; .NET CLR 3.0.30729)" >youp3.invisionboard.fr
208.177.72.206 - - [13/Sep/2012:22:04:58 +0200] "GET /archive HTTP/1.0" 200 20425 "http://youp3.invisionboard.fr/archive" "Mozilla/4.0 (compatible; MSIE 8.0; Windows NT 6.1; WOW64; Trident/4.0; SLCC2; .NET CLR 2.0.50727; .NET CLR 3.5.30729; .NET CLR 3.0.30729)" >youp3.invisionboard.fr
208.177.72.206 - - [13/Sep/2012:22:04:59 +0200] "GET /archive/2012/08 HTTP/1.0" 200 11923 "http://youp3.invisionboard.fr/archive/2012/08" "Mozilla/4.0 (compatible; MSIE 8.0; Windows NT 6.1; WOW64; Trident/4.0; SLCC2; .NET CLR 2.0.50727; .NET CLR 3.5.30729; .NET CLR 3.0.30729)" >youp3.invisionboard.fr
208.177.72.206 - - [13/Sep/2012:22:05:00 +0200] "GET /archive/2012/07 HTTP/1.0" 200 12928 "http://youp3.invisionboard.fr/archive/2012/07" "Mozilla/4.0 (compatible; MSIE 8.0; Windows NT 6.1; WOW64; Trident/4.0; SLCC2; .NET CLR 2.0.50727; .NET CLR 3.5.30729; .NET CLR 3.0.30729)" >youp3.invisionboard.fr
208.177.72.206 - - [13/Sep/2012:22:05:00 +0200] "GET /archive/2012/02 HTTP/1.0" 200 11617 "http://youp3.invisionboard.fr/archive/2012/02" "Mozilla/4.0 (compatible; MSIE 8.0; Windows NT 6.1; WOW64; Trident/4.0; SLCC2; .NET CLR 2.0.50727; .NET CLR 3.5.30729; .NET CLR 3.0.30729)" >youp3.invisionboard.fr
208.177.72.206 - - [13/Sep/2012:22:05:01 +0200] "GET /archive/2011/02 HTTP/1.0" 200 12099 "http://youp3.invisionboard.fr/archive/2011/02" "Mozilla/4.0 (compatible; MSIE 8.0; Windows NT 6.1; WOW64; Trident/4.0; SLCC2; .NET CLR 2.0.50727; .NET CLR 3.5.30729; .NET CLR 3.0.30729)" >dev.invisionboard.fr
220.181.108.79 - - [13/Sep/2012:22:05:01 +0200] "GET /projects/e2t/wiki/Version_300?version=7 HTTP/1.1" 200 7885 "-" "Mozilla/5.0 (compatible; Baiduspider/2.0; +http://www.baidu.com/search/spider.html)" >youp3.invisionboard.fr
208.177.72.206 - - [13/Sep/2012:22:05:02 +0200] "GET /archive/2010/07 HTTP/1.0" 200 12717 "http://youp3.invisionboard.fr/archive/2010/07" "Mozilla/4.0 (compatible; MSIE 8.0; Windows NT 6.1; WOW64; Trident/4.0; SLCC2; .NET CLR 2.0.50727; .NET CLR 3.5.30729; .NET CLR 3.0.30729)" >youp3.invisionboard.fr
208.177.72.206 - - [13/Sep/2012:22:05:03 +0200] "GET /archive/2010/02 HTTP/1.0" 200 13969 "http://youp3.invisionboard.fr/archive/2010/02" "Mozilla/4.0 (compatible; MSIE 8.0; Windows NT 6.1; WOW64; Trident/4.0; SLCC2; .NET CLR 2.0.50727; .NET CLR 3.5.30729; .NET CLR 3.0.30729)" >youp3.invisionboard.fr
208.177.72.206 - - [13/Sep/2012:22:05:04 +0200] "GET /archive/2010/01 HTTP/1.0" 200 12246 "http://youp3.invisionboard.fr/archive/2010/01" "Mozilla/4.0 (compatible; MSIE 8.0; Windows NT 6.1; WOW64; Trident/4.0; SLCC2; .NET CLR 2.0.50727; .NET CLR 3.5.30729; .NET CLR 3.0.30729)" >youp3.invisionboard.fr
208.177.72.206 - - [13/Sep/2012:22:05:04 +0200] "GET /archive/2009/12 HTTP/1.0" 200 12883 "http://youp3.invisionboard.fr/archive/2009/12" "Mozilla/4.0 (compatible; MSIE 8.0; Windows NT 6.1; WOW64; Trident/4.0; SLCC2; .NET CLR 2.0.50727; .NET CLR 3.5.30729; .NET CLR 3.0.30729)" >youp3.invisionboard.fr
95.182.229.151 - - [13/Sep/2012:22:06:03 +0200] "GET /public/Divers/Japan_Expo/2009/DSCF0927.JPG HTTP/1.1" 200 69349 "http://www.google.be/search?q=japan+expo&oe=UTF-8&hl=fr&client=safari&um=1&ie=UTF-8&tbm=isch&source=og&sa=N&tab=wi&ei=OTxSUPOqMMuzhAffvYCwDg&biw=1024&bih=672&sei=OzxSUJb_JenI0AW-wYCwAw" "Mozilla/5.0 (iPad; CPU OS 5_1_1 like Mac OS X) AppleWebKit/534.46 (KHTML, like Gecko) Version/5.1 Mobile/9B206 Safari/7534.48.3" >dev.invisionboard.fr
66.249.71.46 - - [13/Sep/2012:22:06:03 +0200] "GET /images/toggle_check.png?1334391666 HTTP/1.1" 200 262 "-" "Googlebot-Image/1.0" >e2t.invisionboard.fr
178.255.215.66 - - [13/Sep/2012:22:06:34 +0200] "GET /changeset/39 HTTP/1.1" 200 6559 "-" "Mozilla/5.0 (compatible; Exabot/3.0; +http://www.exabot.com/go/robot)" >dev.invisionboard.fr
66.249.71.46 - - [13/Sep/2012:22:07:09 +0200] "GET /projects/1/wiki/Anciens/history?per_page=50 HTTP/1.1" 200 5240 "-" "Mozilla/5.0 (compatible; Googlebot/2.1; +http://www.google.com/bot.html)" >dev.invisionboard.fr
66.249.71.46 - - [13/Sep/2012:22:07:18 +0200] "GET /issues?page=1&sort=updated_on%3Adesc%2Cid%3Adesc%2Cstatus%3Adesc&sort_key=project&sort_order=asc HTTP/1.1" 200 52010 "-" "Mozilla/5.0 (compatible; Googlebot/2.1; +http://www.google.com/bot.html)" >dev.invisionboard.fr
66.249.71.46 - - [13/Sep/2012:22:07:19 +0200] "GET /issues?page=1&sort=subject%2Cupdated_on%3Adesc%2Ctracker%3Adesc&sort_key=priority&sort_order=desc HTTP/1.1" 200 52025 "-" "Mozilla/5.0 (compatible; Googlebot/2.1; +http://www.google.com/bot.html)" >dev.invisionboard.fr
123.125.71.89 - - [13/Sep/2012:22:13:31 +0200] "HEAD /issues/175.pdf HTTP/1.1" 200 - "-" "Baiduspider+(+http://www.baidu.com/search/spider.htm)" >dev.invisionboard.fr
123.125.71.102 - - [13/Sep/2012:22:13:33 +0200] "GET /issues/175.pdf HTTP/1.1" 200 315771 "-" "Baiduspider+(+http://www.baidu.com/search/spider.htm)" >dev.invisionboard.fr
66.249.71.46 - - [13/Sep/2012:22:16:17 +0200] "GET /projects/1/wiki/Compte?version=1 HTTP/1.1" 200 6963 "-" "Mozilla/5.0 (compatible; Googlebot/2.1; +http://www.google.com/bot.html)" >e2t.invisionboard.fr
66.249.71.187 - - [13/Sep/2012:22:16:21 +0200] "GET /changeset/725 HTTP/1.1" 200 6986 "-" "Mozilla/5.0 (compatible; Googlebot/2.1; +http://www.google.com/bot.html)" >dev.invisionboard.fr
66.249.71.46 - - [13/Sep/2012:22:17:07 +0200] "GET /issues?page=2&per_page=100&query_id=&sort=assigned_to%2Cid%2Cproject%3Adesc HTTP/1.1" 200 59628 "-" "Mozilla/5.0 (compatible; Googlebot/2.1; +http://www.google.com/bot.html)" >dev.invisionboard.fr
66.249.71.46 - - [13/Sep/2012:22:19:20 +0200] "GET /issues?page=1&sort=updated_on%2Cid%3Adesc%2Cstatus%3Adesc&sort_key=project&sort_order=asc HTTP/1.1" 200 52067 "-" "Mozilla/5.0 (compatible; Googlebot/2.1; +http://www.google.com/bot.html)" >youp3.invisionboard.fr
119.63.196.125 - - [13/Sep/2012:22:20:38 +0200] "GET /tag/GPS HTTP/1.1" 200 12617 "-" "Mozilla/5.0 (compatible; Baiduspider/2.0; +http://www.baidu.com/search/spider.html)" >e2t.invisionboard.fr
66.249.71.187 - - [13/Sep/2012:22:22:06 +0200] "GET /changeset/733 HTTP/1.1" 200 6612 "-" "Mozilla/5.0 (compatible; Googlebot/2.1; +http://www.google.com/bot.html)" >e2t.invisionboard.fr
178.255.215.66 - - [13/Sep/2012:22:23:56 +0200] "GET /wiki/FAQ?action=diff&version=3 HTTP/1.1" 404 4020 "-" "Mozilla/5.0 (compatible; Exabot/3.0; +http://www.exabot.com/go/robot)" >dev.invisionboard.fr
66.249.71.46 - - [13/Sep/2012:22:24:55 +0200] "GET /issues?page=2&sort=updated_on%3Adesc%2Ctracker%3Adesc%2Cpriority&sort_key=priority&sort_order=desc HTTP/1.1" 200 45902 "-" "Mozilla/5.0 (compatible; Googlebot/2.1; +http://www.google.com/bot.html)" >dev.invisionboard.fr
66.249.71.46 - - [13/Sep/2012:22:25:22 +0200] "GET /projects/1/wiki/E2t_documentation?version=5 HTTP/1.1" 200 6108 "-" "Mozilla/5.0 (compatible; Googlebot/2.1; +http://www.google.com/bot.html)" >dev.invisionboard.fr
91.237.249.97 - - [13/Sep/2012:22:26:54 +0200] "GET /issues/76/ HTTP/1.0" 200 10160 "http://dev.invisionboard.fr/issues/76/" "Mozilla/5.0 (Macintosh; Intel Mac OS X 10.7; rv:13.0) Gecko/20100101 Firefox/13.0" >dev.invisionboard.fr
91.237.249.97 - - [13/Sep/2012:22:26:57 +0200] "GET /issues/76.atom HTTP/1.0" 200 4142 "http://dev.invisionboard.fr/issues/76.atom" "Mozilla/5.0 (Macintosh; Intel Mac OS X 10.7; rv:13.0) Gecko/20100101 Firefox/13.0" >e2t.invisionboard.fr
66.249.71.187 - - [13/Sep/2012:22:27:07 +0200] "GET /changeset/737 HTTP/1.1" 200 8776 "-" "Mozilla/5.0 (compatible; Googlebot/2.1; +http://www.google.com/bot.html)" >dev.invisionboard.fr
66.249.71.46 - - [13/Sep/2012:22:27:10 +0200] "GET /issues?page=2&sort=updated_on%3Adesc%2Cid%3Adesc%2Cstatus%3Adesc&sort_key=project&sort_order=asc HTTP/1.1" 200 45843 "-" "Mozilla/5.0 (compatible; Googlebot/2.1; +http://www.google.com/bot.html)" >dev.invisionboard.fr
66.249.71.46 - - [13/Sep/2012:22:27:13 +0200] "GET /issues?page=2&sort=project%3Adesc%2Cassigned_to%2Cid%3Adesc HTTP/1.1" 200 45216 "-" "Mozilla/5.0 (compatible; Googlebot/2.1; +http://www.google.com/bot.html)" >e2t.invisionboard.fr
66.249.71.187 - - [13/Sep/2012:22:27:16 +0200] "GET /changeset/734 HTTP/1.1" 200 7417 "-" "Mozilla/5.0 (compatible; Googlebot/2.1; +http://www.google.com/bot.html)" >youp3.invisionboard.fr
91.237.249.86 - - [13/Sep/2012:22:28:01 +0200] "GET /post/2007/12/10/Des-news-de-la-communaute-IPBoard HTTP/1.0" 200 18014 "http://youp3.invisionboard.fr/post/2007/12/10/Des-news-de-la-communaute-IPBoard" "Mozilla/5.0 (Windows NT 6.1) AppleWebKit/535.19 (KHTML, like Gecko) Chrome/18.0.1025.1634 Safari/535.19 YE" >youp3.invisionboard.fr
91.237.249.86 - - [13/Sep/2012:22:28:03 +0200] "POST /post/2007/12/10/Des-news-de-la-communaute-IPBoard HTTP/1.0" 412 36 "http://youp3.invisionboard.fr/post/2007/12/10/Des-news-de-la-communaute-IPBoard" "Mozilla/5.0 (Windows NT 6.1) AppleWebKit/535.19 (KHTML, like Gecko) Chrome/18.0.1025.1634 Safari/535.19 YE" >dev.invisionboard.fr
66.249.71.46 - - [13/Sep/2012:22:30:53 +0200] "GET /issues?page=2&per_page=100&query_id=&sort=assigned_to%2Cid%3Adesc%2Cproject&sort_key=status&sort_order=asc HTTP/1.1" 200 60248 "-" "Mozilla/5.0 (compatible; Googlebot/2.1; +http://www.google.com/bot.html)" >dev.invisionboard.fr
66.249.71.46 - - [13/Sep/2012:22:34:32 +0200] "GET /issues?page=2&per_page=25&sort=status%2Cassigned_to%3Adesc%2Cpriority HTTP/1.1" 200 45167 "-" "Mozilla/5.0 (compatible; Googlebot/2.1; +http://www.google.com/bot.html)" >e2t.invisionboard.fr
66.249.71.187 - - [13/Sep/2012:22:36:40 +0200] "GET /changeset/728 HTTP/1.1" 200 6609 "-" "Mozilla/5.0 (compatible; Googlebot/2.1; +http://www.google.com/bot.html)" >dev.invisionboard.fr
66.249.71.46 - - [13/Sep/2012:22:36:43 +0200] "GET /issues?page=2&per_page=100&query_id=&sort=assigned_to%2Cid%3Adesc%2Csubject%3Adesc&sort_key=status&sort_order=asc HTTP/1.1" 200 60311 "-" "Mozilla/5.0 (compatible; Googlebot/2.1; +http://www.google.com/bot.html)" >dev.invisionboard.fr
208.115.111.69 - - [13/Sep/2012:22:38:42 +0200] "GET /robots.txt HTTP/1.1" 200 613 "-" "Mozilla/5.0 (compatible; Ezooms/1.0; ezooms.bot@gmail.com)" >e2t.invisionboard.fr
178.255.215.66 - - [13/Sep/2012:22:38:54 +0200] "GET /wiki/FAQ?action=diff&version=2 HTTP/1.1" 404 4020 "-" "Mozilla/5.0 (compatible; Exabot/3.0; +http://www.exabot.com/go/robot)" >dev.invisionboard.fr
66.249.71.46 - - [13/Sep/2012:22:39:29 +0200] "GET /issues?page=1&sort=project%3Adesc%2Cassigned_to%2Cid%3Adesc HTTP/1.1" 200 51171 "-" "Mozilla/5.0 (compatible; Googlebot/2.1; +http://www.google.com/bot.html)" >youp3.invisionboard.fr
192.168.17.254 - - [13/Sep/2012:22:39:44 +0200] "GET /index.php/feed/atom HTTP/1.1" 304 - "-" "Mozilla/5.0 (Windows NT 6.1; WOW64; rv:15.0) Gecko/20100101 Firefox/15.0.1" >youp3.invisionboard.fr
192.168.17.254 - - [13/Sep/2012:22:39:48 +0200] "GET /index.php/feed/rss2/comments HTTP/1.1" 304 - "-" "Mozilla/5.0 (Windows NT 6.1; WOW64; rv:15.0) Gecko/20100101 Firefox/15.0.1" >dev.invisionboard.fr
192.168.17.254 - - [13/Sep/2012:22:41:28 +0200] "GET /projects/mods/activity.atom?key=QGB5SLcQxeueBo2G54nToFxoy8sWWYrYBSgOSyXt HTTP/1.1" 304 - "-" "Mozilla/5.0 (Windows NT 6.1; WOW64; rv:15.0) Gecko/20100101 Firefox/15.0.1" >dev.invisionboard.fr
192.168.17.254 - - [13/Sep/2012:22:41:32 +0200] "GET /projects/traductions/activity.atom?key=QGB5SLcQxeueBo2G54nToFxoy8sWWYrYBSgOSyXt HTTP/1.1" 304 - "-" "Mozilla/5.0 (Windows NT 6.1; WOW64; rv:15.0) Gecko/20100101 Firefox/15.0.1" >dev.invisionboard.fr
123.125.71.111 - - [13/Sep/2012:22:41:58 +0200] "HEAD /issues/153.pdf HTTP/1.1" 200 - "-" "Baiduspider+(+http://www.baidu.com/search/spider.htm)" >dev.invisionboard.fr
123.125.71.77 - - [13/Sep/2012:22:41:59 +0200] "GET /issues/153.pdf HTTP/1.1" 200 315397 "-" "Baiduspider+(+http://www.baidu.com/search/spider.htm)" >dev.invisionboard.fr
66.249.71.46 - - [13/Sep/2012:22:42:08 +0200] "GET /issues?page=1&sort=status%2Cupdated_on%3Adesc%2Ctracker&sort_key=priority&sort_order=desc HTTP/1.1" 200 51933 "-" "Mozilla/5.0 (compatible; Googlebot/2.1; +http://www.google.com/bot.html)" >e2t.invisionboard.fr
66.249.71.187 - - [13/Sep/2012:22:42:10 +0200] "GET /changeset/727 HTTP/1.1" 200 6723 "-" "Mozilla/5.0 (compatible; Googlebot/2.1; +http://www.google.com/bot.html)" >e2t.invisionboard.fr
